66.249.70.193 - - [17/Feb/2026:04:11:31 -0500] "GET /apps/store.php/Hero%20of%20the%203%20Kingdoms%20-%20Cao%20Cao HTTP/1.1" 500 - "-" "Mozilla/5.0 (Linux; Android 6.0.1; Nexus 5X Build/MMB29P) AppleWebKit/537.36 (KHTML, like Gecko) Chrome/144.0.7559.132 Mobile Safari/537.36 (compatible; Googlebot/2.1; +http://www.google.com/bot.html)"
66.249.70.192 - - [17/Feb/2026:04:11:32 -0500] "GET /apps/store.php/betting%20rules%20roulette HTTP/1.1" 500 - "-" "Mozilla/5.0 (Linux; Android 6.0.1; Nexus 5X Build/MMB29P) AppleWebKit/537.36 (KHTML, like Gecko) Chrome/144.0.7559.132 Mobile Safari/537.36 (compatible; Googlebot/2.1; +http://www.google.com/bot.html)"
66.249.70.194 - - [17/Feb/2026:04:13:05 -0500] "GET /apps/store.php/daman%20game%20aviator%20hack%20apk%20download- HTTP/1.1" 500 - "-" "Googlebot-Image/1.0"
66.249.70.194 - - [17/Feb/2026:04:13:05 -0500] "GET /apps/store.php/casino%20slot%20free- HTTP/1.1" 500 - "-" "Mozilla/5.0 (Linux; Android 6.0.1; Nexus 5X Build/MMB29P) AppleWebKit/537.36 (KHTML, like Gecko) Chrome/144.0.7559.132 Mobile Safari/537.36 (compatible; Googlebot/2.1; +http://www.google.com/bot.html)"
66.249.70.192 - - [17/Feb/2026:04:13:07 -0500] "GET /apps/store.php/Hyper%20Burst- HTTP/1.1" 500 - "-" "Mozilla/5.0 (Linux; Android 6.0.1; Nexus 5X Build/MMB29P) AppleWebKit/537.36 (KHTML, like Gecko) Chrome/144.0.7559.132 Mobile Safari/537.36 (compatible; Googlebot/2.1; +http://www.google.com/bot.html)"
66.249.70.193 - - [17/Feb/2026:04:13:28 -0500] "GET /apps/store.php/Delhi%20free%20jackpot%20magic%20slots HTTP/1.1" 500 - "-" "Mozilla/5.0 (compatible; Googlebot/2.1; +http://www.google.com/bot.html)"
66.249.70.192 - - [17/Feb/2026:04:13:30 -0500] "GET /apps/store.php/cats%20slot%20game- HTTP/1.1" 500 - "-" "Mozilla/5.0 (compatible; Googlebot/2.1; +http://www.google.com/bot.html)"
66.249.70.192 - - [17/Feb/2026:04:14:14 -0500] "GET /apps/store.php/bingo%20app%20download%20software- HTTP/1.1" 500 - "-" "Mozilla/5.0 (compatible; Googlebot/2.1; +http://www.google.com/bot.html)"
66.249.70.193 - - [17/Feb/2026:04:14:27 -0500] "GET /apps/store.php/today%20live%20lottery%20result- HTTP/1.1" 500 - "-" "Mozilla/5.0 (Linux; Android 6.0.1; Nexus 5X Build/MMB29P) AppleWebKit/537.36 (KHTML, like Gecko) Chrome/144.0.7559.132 Mobile Safari/537.36 (compatible; Googlebot/2.1; +http://www.google.com/bot.html)"
66.249.70.192 - - [17/Feb/2026:04:14:36 -0500] "GET /apps/store.php/best%20pop%20up%20toaster%204%20slot- HTTP/1.1" 500 - "-" "Mozilla/5.0 (Linux; Android 6.0.1; Nexus 5X Build/MMB29P) AppleWebKit/537.36 (KHTML, like Gecko) Chrome/144.0.7559.132 Mobile Safari/537.36 (compatible; Googlebot/2.1; +http://www.google.com/bot.html)"
66.249.70.192 - - [17/Feb/2026:04:15:06 -0500] "GET /apps/store.php/real%20casino%20slots- HTTP/1.1" 500 - "-" "Mozilla/5.0 (Linux; Android 6.0.1; Nexus 5X Build/MMB29P) AppleWebKit/537.36 (KHTML, like Gecko) Chrome/144.0.7559.132 Mobile Safari/537.36 (compatible; Googlebot/2.1; +http://www.google.com/bot.html)"
66.249.70.192 - - [17/Feb/2026:04:15:15 -0500] "GET /apps/store.php/casino%20games%20slots%20free%20no%20download- HTTP/1.1" 500 - "-" "Mozilla/5.0 (Linux; Android 6.0.1; Nexus 5X Build/MMB29P) AppleWebKit/537.36 (KHTML, like Gecko) Chrome/144.0.7559.132 Mobile Safari/537.36 (compatible; Googlebot/2.1; +http://www.google.com/bot.html)"
66.249.70.194 - - [17/Feb/2026:04:16:03 -0500] "GET /apps/store.php/kalyan%20chart%20matka%20result- HTTP/1.1" 500 - "-" "Mozilla/5.0 (compatible; Googlebot/2.1; +http://www.google.com/bot.html)"
66.249.70.193 - - [17/Feb/2026:04:16:49 -0500] "GET /apps/store.php/bet365%20live%20bet- HTTP/1.1" 500 - "-" "Mozilla/5.0 (compatible; Googlebot/2.1; +http://www.google.com/bot.html)"
66.249.70.194 - - [17/Feb/2026:04:17:06 -0500] "GET /apps/store.php/legal%20aviator%20game%20in%20india- HTTP/1.1" 500 - "-" "Mozilla/5.0 (compatible; Googlebot/2.1; +http://www.google.com/bot.html)"
66.249.70.193 - - [17/Feb/2026:04:17:16 -0500] "GET /apps/store.php/Delhi%20ng%20slots%20today%20live HTTP/1.1" 500 - "-" "Mozilla/5.0 (compatible; Googlebot/2.1; +http://www.google.com/bot.html)"
66.249.70.192 - - [17/Feb/2026:04:17:31 -0500] "GET /apps/store.php/Delhi%20slots%20of%20vegas HTTP/1.1" 500 - "-" "Mozilla/5.0 (compatible; Googlebot/2.1; +http://www.google.com/bot.html)"
66.249.70.192 - - [17/Feb/2026:04:18:09 -0500] "GET /apps/store.php/aviator%20game%20telegram- HTTP/1.1" 500 - "-" "Mozilla/5.0 (compatible; Googlebot/2.1; +http://www.google.com/bot.html)"
66.249.70.192 - - [17/Feb/2026:04:18:21 -0500] "GET /apps/store.php/paisa%20kamane%20wale%20game- HTTP/1.1" 500 - "-" "Mozilla/5.0 (compatible; Googlebot/2.1; +http://www.google.com/bot.html)"
66.249.70.192 - - [17/Feb/2026:04:18:28 -0500] "GET /apps/store.php/free%20casino%20games%20slot%20games- HTTP/1.1" 500 - "-" "Mozilla/5.0 (Linux; Android 6.0.1; Nexus 5X Build/MMB29P) AppleWebKit/537.36 (KHTML, like Gecko) Chrome/144.0.7559.132 Mobile Safari/537.36 (compatible; Googlebot/2.1; +http://www.google.com/bot.html)"
66.249.70.192 - - [17/Feb/2026:04:18:29 -0500] "GET /apps/store.php/the%20slot%20machine%20effect- HTTP/1.1" 500 - "-" "Mozilla/5.0 (Linux; Android 6.0.1; Nexus 5X Build/MMB29P) AppleWebKit/537.36 (KHTML, like Gecko) Chrome/144.0.7559.132 Mobile Safari/537.36 (compatible; Googlebot/2.1; +http://www.google.com/bot.html)"
66.249.70.192 - - [17/Feb/2026:04:18:30 -0500] "GET /apps/store.php/Joker%20Poker- HTTP/1.1" 500 - "-" "Mozilla/5.0 (Linux; Android 6.0.1; Nexus 5X Build/MMB29P) AppleWebKit/537.36 (KHTML, like Gecko) Chrome/144.0.7559.132 Mobile Safari/537.36 (compatible; Googlebot/2.1; +http://www.google.com/bot.html)"
66.249.70.192 - - [17/Feb/2026:04:18:31 -0500] "GET /apps/store.php/list%20of%20gambling%20websites- HTTP/1.1" 500 - "-" "Mozilla/5.0 (compatible; Googlebot/2.1; +http://www.google.com/bot.html)"
66.249.70.192 - - [17/Feb/2026:04:19:02 -0500] "GET /apps/store.php/blackjack%20online%20game%20multiplayer%20free- HTTP/1.1" 500 - "-" "Mozilla/5.0 (Linux; Android 6.0.1; Nexus 5X Build/MMB29P) AppleWebKit/537.36 (KHTML, like Gecko) Chrome/144.0.7559.132 Mobile Safari/537.36 (compatible; Googlebot/2.1; +http://www.google.com/bot.html)"
66.249.70.192 - - [17/Feb/2026:04:19:26 -0500] "GET /apps/store.php/777- HTTP/1.1" 500 - "-" "Mozilla/5.0 (compatible; Googlebot/2.1; +http://www.google.com/bot.html)"
117.98.52.93 - - [17/Feb/2026:04:19:28 -0500] "GET /apps/store.php/ww%20bf HTTP/1.1" 302 - "https://www.google.com/" "Mozilla/5.0 (Linux; Android 10; TECNO KE5 Build/QP1A.190711.020; wv) AppleWebKit/537.36 (KHTML, like Gecko) Version/4.0 Chrome/144.0.7559.132 Mobile Safari/537.36"
66.249.70.192 - - [17/Feb/2026:04:19:29 -0500] "GET /apps/store.php/bdg%20invite%20code- HTTP/1.1" 500 - "-" "Mozilla/5.0 (Linux; Android 6.0.1; Nexus 5X Build/MMB29P) AppleWebKit/537.36 (KHTML, like Gecko) Chrome/144.0.7559.132 Mobile Safari/537.36 (compatible; Googlebot/2.1; +http://www.google.com/bot.html)"
66.249.70.192 - - [17/Feb/2026:04:19:46 -0500] "GET /apps/store.php/apk%20g%20vortex%20game%20space- HTTP/1.1" 500 - "-" "Mozilla/5.0 (compatible; Googlebot/2.1; +http://www.google.com/bot.html)"
66.249.70.192 - - [17/Feb/2026:04:20:17 -0500] "GET /apps/store.php/gera%20sales%20office- HTTP/1.1" 500 - "-" "Mozilla/5.0 (Linux; Android 6.0.1; Nexus 5X Build/MMB29P) AppleWebKit/537.36 (KHTML, like Gecko) Chrome/144.0.7559.132 Mobile Safari/537.36 (compatible; Googlebot/2.1; +http://www.google.com/bot.html)"
66.249.70.192 - - [17/Feb/2026:04:20:36 -0500] "GET /apps/store.php/Party%20Star- HTTP/1.1" 500 - "-" "Mozilla/5.0 (compatible; Googlebot/2.1; +http://www.google.com/bot.html)"
66.249.70.192 - - [17/Feb/2026:04:20:39 -0500] "GET /apps/store.php/Winning%20Mask- HTTP/1.1" 500 - "-" "Mozilla/5.0 (Linux; Android 6.0.1; Nexus 5X Build/MMB29P) AppleWebKit/537.36 (KHTML, like Gecko) Chrome/144.0.7559.132 Mobile Safari/537.36 (compatible; Googlebot/2.1; +http://www.google.com/bot.html)"
173.252.107.4 - - [17/Feb/2026:04:22:42 -0500] "GET /apps/store.php/SUPER%20WIN HTTP/1.1" 200 63630 "-" "meta-webindexer/1.1 (+https://developers.facebook.com/docs/sharing/webmasters/crawler)"
66.249.70.193 - - [17/Feb/2026:04:23:25 -0500] "GET /apps/store.php/Aqua%20Mermaid- HTTP/1.1" 500 - "-" "Mozilla/5.0 (compatible; Googlebot/2.1; +http://www.google.com/bot.html)"
157.55.39.223 - - [17/Feb/2026:04:23:43 -0500] "GET /robots.txt HTTP/1.1" 404 - "-" "Mozilla/5.0 AppleWebKit/537.36 (KHTML, like Gecko; compatible; bingbot/2.0; +http://www.bing.com/bingbot.htm) Chrome/116.0.1938.76 Safari/537.36"
207.46.13.18 - - [17/Feb/2026:04:24:13 -0500] "GET /pages.php?type=academics&id=admission HTTP/1.1" 200 2803 "-" "Mozilla/5.0 AppleWebKit/537.36 (KHTML, like Gecko; compatible; bingbot/2.0; +http://www.bing.com/bingbot.htm) Chrome/116.0.1938.76 Safari/537.36"
66.249.70.192 - - [17/Feb/2026:04:24:34 -0500] "GET /apps/store.php/online%20betting%20sites%20in%20india- HTTP/1.1" 500 - "-" "Mozilla/5.0 (Linux; Android 6.0.1; Nexus 5X Build/MMB29P) AppleWebKit/537.36 (KHTML, like Gecko) Chrome/144.0.7559.132 Mobile Safari/537.36 (compatible; Googlebot/2.1; +http://www.google.com/bot.html)"
66.249.70.192 - - [17/Feb/2026:04:24:40 -0500] "GET /apps/store.php/Which%20rummy%20is%20best%20in%20India- HTTP/1.1" 500 - "-" "Mozilla/5.0 (Linux; Android 6.0.1; Nexus 5X Build/MMB29P) AppleWebKit/537.36 (KHTML, like Gecko) Chrome/144.0.7559.132 Mobile Safari/537.36 (compatible; Googlebot/2.1; +http://www.google.com/bot.html)"
66.249.70.192 - - [17/Feb/2026:04:24:56 -0500] "GET /apps/store.php/indian%20express%20train%20games- HTTP/1.1" 500 - "-" "Mozilla/5.0 (Linux; Android 6.0.1; Nexus 5X Build/MMB29P) AppleWebKit/537.36 (KHTML, like Gecko) Chrome/144.0.7559.132 Mobile Safari/537.36 (compatible; Googlebot/2.1; +http://www.google.com/bot.html)"
66.249.70.192 - - [17/Feb/2026:04:25:39 -0500] "GET /apps/store.php/play%20free%20blackjack%20casino%20game- HTTP/1.1" 500 - "-" "Mozilla/5.0 (Linux; Android 6.0.1; Nexus 5X Build/MMB29P) AppleWebKit/537.36 (KHTML, like Gecko) Chrome/144.0.7559.132 Mobile Safari/537.36 (compatible; Googlebot/2.1; +http://www.google.com/bot.html)"
66.249.70.192 - - [17/Feb/2026:04:25:42 -0500] "GET /apps/store.php/Trial%20of%20Phoenix- HTTP/1.1" 500 - "-" "Mozilla/5.0 (Linux; Android 6.0.1; Nexus 5X Build/MMB29P) AppleWebKit/537.36 (KHTML, like Gecko) Chrome/144.0.7559.132 Mobile Safari/537.36 (compatible; Googlebot/2.1; +http://www.google.com/bot.html)"
66.249.70.192 - - [17/Feb/2026:04:26:12 -0500] "GET /apps/store.php/betsix%20casino HTTP/1.1" 500 - "-" "Mozilla/5.0 (Linux; Android 6.0.1; Nexus 5X Build/MMB29P) AppleWebKit/537.36 (KHTML, like Gecko) Chrome/144.0.7559.132 Mobile Safari/537.36 (compatible; Googlebot/2.1; +http://www.google.com/bot.html)"
66.249.70.193 - - [17/Feb/2026:04:27:11 -0500] "GET /apps/store.php/jackpot%20magic%20slots%20vegas%20casino%20&%20slot%20machines- HTTP/1.1" 500 - "-" "Mozilla/5.0 (Linux; Android 6.0.1; Nexus 5X Build/MMB29P) AppleWebKit/537.36 (KHTML, like Gecko) Chrome/144.0.7559.132 Mobile Safari/537.36 (compatible; Googlebot/2.1; +http://www.google.com/bot.html)"
66.249.70.192 - - [17/Feb/2026:04:28:27 -0500] "GET /apps/store.php/casino%20and%20slot%20games- HTTP/1.1" 500 - "-" "Mozilla/5.0 (compatible; Googlebot/2.1; +http://www.google.com/bot.html)"
66.249.70.192 - - [17/Feb/2026:04:28:36 -0500] "GET /apps/store.php/pragmatic%20slot%20game- HTTP/1.1" 500 - "-" "Mozilla/5.0 (compatible; Googlebot/2.1; +http://www.google.com/bot.html)"
66.249.70.194 - - [17/Feb/2026:04:29:07 -0500] "GET /apps/store.php/jili%20game%20character- HTTP/1.1" 500 - "-" "Mozilla/5.0 (Linux; Android 6.0.1; Nexus 5X Build/MMB29P) AppleWebKit/537.36 (KHTML, like Gecko) Chrome/144.0.7559.132 Mobile Safari/537.36 (compatible; Googlebot/2.1; +http://www.google.com/bot.html)"
66.249.70.193 - - [17/Feb/2026:04:29:29 -0500] "GET /apps/store.php/free%20online%20blackjack%20with%20side%20bets- HTTP/1.1" 500 - "-" "Mozilla/5.0 (Linux; Android 6.0.1; Nexus 5X Build/MMB29P) AppleWebKit/537.36 (KHTML, like Gecko) Chrome/144.0.7559.132 Mobile Safari/537.36 (compatible; Googlebot/2.1; +http://www.google.com/bot.html)"
66.249.70.194 - - [17/Feb/2026:04:30:20 -0500] "GET /apps/store.php/chicken%20road%20jili%20game- HTTP/1.1" 500 - "-" "Mozilla/5.0 (Linux; Android 6.0.1; Nexus 5X Build/MMB29P) AppleWebKit/537.36 (KHTML, like Gecko) Chrome/144.0.7559.132 Mobile Safari/537.36 (compatible; Googlebot/2.1; +http://www.google.com/bot.html)"
66.249.70.193 - - [17/Feb/2026:04:30:50 -0500] "GET /apps/store.php/srh%20cricbuzz- HTTP/1.1" 500 - "-" "Mozilla/5.0 (compatible; Googlebot/2.1; +http://www.google.com/bot.html)"
66.249.70.192 - - [17/Feb/2026:04:31:18 -0500] "GET /apps/store.php/cricket%20betting%20app%20india HTTP/1.1" 500 - "-" "Mozilla/5.0 (Linux; Android 6.0.1; Nexus 5X Build/MMB29P) AppleWebKit/537.36 (KHTML, like Gecko) Chrome/144.0.7559.132 Mobile Safari/537.36 (compatible; Googlebot/2.1; +http://www.google.com/bot.html)"
66.249.70.192 - - [17/Feb/2026:04:31:23 -0500] "GET /apps/store.php/666%20jili%20game%20login- HTTP/1.1" 500 - "-" "Mozilla/5.0 (compatible; Googlebot/2.1; +http://www.google.com/bot.html)"
66.249.70.192 - - [17/Feb/2026:04:31:31 -0500] "GET /apps/store.php/pune%20matka%20satta HTTP/1.1" 500 - "-" "Mozilla/5.0 (Linux; Android 6.0.1; Nexus 5X Build/MMB29P) AppleWebKit/537.36 (KHTML, like Gecko) Chrome/144.0.7559.132 Mobile Safari/537.36 (compatible; Googlebot/2.1; +http://www.google.com/bot.html)"
66.249.70.192 - - [17/Feb/2026:04:31:55 -0500] "GET /apps/store.php/t20%20legends- HTTP/1.1" 500 - "-" "Mozilla/5.0 (Linux; Android 6.0.1; Nexus 5X Build/MMB29P) AppleWebKit/537.36 (KHTML, like Gecko) Chrome/144.0.7559.132 Mobile Safari/537.36 (compatible; Googlebot/2.1; +http://www.google.com/bot.html)"
66.249.70.193 - - [17/Feb/2026:04:32:02 -0500] "GET /apps/store.php/Money%20Coming- HTTP/1.1" 500 - "-" "Mozilla/5.0 (compatible; Googlebot/2.1; +http://www.google.com/bot.html)"
66.249.70.192 - - [17/Feb/2026:04:32:40 -0500] "GET /apps/store.php/Club%20Riches%20Casino%20No%20Deposit%20Bonus HTTP/1.1" 500 - "-" "Mozilla/5.0 (Linux; Android 6.0.1; Nexus 5X Build/MMB29P) AppleWebKit/537.36 (KHTML, like Gecko) Chrome/144.0.7559.132 Mobile Safari/537.36 (compatible; Googlebot/2.1; +http://www.google.com/bot.html)"
66.249.70.192 - - [17/Feb/2026:04:32:43 -0500] "GET /apps/store.php/keralalotteryonline%20inl HTTP/1.1" 500 - "-" "Mozilla/5.0 (Linux; Android 6.0.1; Nexus 5X Build/MMB29P) AppleWebKit/537.36 (KHTML, like Gecko) Chrome/144.0.7559.132 Mobile Safari/537.36 (compatible; Googlebot/2.1; +http://www.google.com/bot.html)"
66.249.70.192 - - [17/Feb/2026:04:33:28 -0500] "GET /apps/store.php/bust%20mean%20in%20the%20game%20blackjack- HTTP/1.1" 500 - "-" "Mozilla/5.0 (Linux; Android 6.0.1; Nexus 5X Build/MMB29P) AppleWebKit/537.36 (KHTML, like Gecko) Chrome/144.0.7559.132 Mobile Safari/537.36 (compatible; Googlebot/2.1; +http://www.google.com/bot.html)"
66.249.70.193 - - [17/Feb/2026:04:33:50 -0500] "GET /apps/store.php/poki%20animals%20games- HTTP/1.1" 500 - "-" "Mozilla/5.0 (compatible; Googlebot/2.1; +http://www.google.com/bot.html)"
66.249.70.192 - - [17/Feb/2026:04:35:00 -0500] "GET /apps/store.php/FISH%20PRAWN%20CRAB- HTTP/1.1" 500 - "-" "Mozilla/5.0 (Linux; Android 6.0.1; Nexus 5X Build/MMB29P) AppleWebKit/537.36 (KHTML, like Gecko) Chrome/144.0.7559.132 Mobile Safari/537.36 (compatible; Googlebot/2.1; +http://www.google.com/bot.html)"
66.249.70.192 - - [17/Feb/2026:04:35:42 -0500] "GET /apps/store.php/ek%20daman%20game- HTTP/1.1" 500 - "-" "Mozilla/5.0 (compatible; Googlebot/2.1; +http://www.google.com/bot.html)"
66.249.70.193 - - [17/Feb/2026:04:36:00 -0500] "GET /apps/store.php/slot%20spin%20free%20bitcoin- HTTP/1.1" 500 - "-" "Mozilla/5.0 (compatible; Googlebot/2.1; +http://www.google.com/bot.html)"
66.249.70.193 - - [17/Feb/2026:04:36:20 -0500] "GET /apps/store.php/luckyland%20slots%20casino%20real%20money- HTTP/1.1" 500 - "-" "Mozilla/5.0 (Linux; Android 6.0.1; Nexus 5X Build/MMB29P) AppleWebKit/537.36 (KHTML, like Gecko) Chrome/144.0.7559.132 Mobile Safari/537.36 (compatible; Googlebot/2.1; +http://www.google.com/bot.html)"
66.249.70.192 - - [17/Feb/2026:04:36:35 -0500] "GET /apps/store.php/mbm%20app- HTTP/1.1" 500 - "-" "Mozilla/5.0 (Linux; Android 6.0.1; Nexus 5X Build/MMB29P) AppleWebKit/537.36 (KHTML, like Gecko) Chrome/144.0.7559.132 Mobile Safari/537.36 (compatible; Googlebot/2.1; +http://www.google.com/bot.html)"
66.249.70.194 - - [17/Feb/2026:04:37:00 -0500] "GET /apps/store.php/grizzy%20and%20the%20lemmings%20games%20poki- HTTP/1.1" 500 - "-" "Mozilla/5.0 (Linux; Android 6.0.1; Nexus 5X Build/MMB29P) AppleWebKit/537.36 (KHTML, like Gecko) Chrome/144.0.7559.132 Mobile Safari/537.36 (compatible; Googlebot/2.1; +http://www.google.com/bot.html)"
18.97.9.101 - - [17/Feb/2026:04:37:41 -0500] "GET /apps/store.php/graffin HTTP/1.1" 200 11729 "-" "Mozilla/5.0 AppleWebKit/537.36 (KHTML, like Gecko; compatible; PerplexityBot/1.0; +https://perplexity.ai/perplexitybot)"
66.249.70.193 - - [17/Feb/2026:04:38:41 -0500] "GET /apps/store.php/ak539%20lottery%20result- HTTP/1.1" 500 - "-" "Mozilla/5.0 (compatible; Googlebot/2.1; +http://www.google.com/bot.html)"
66.249.70.192 - - [17/Feb/2026:04:38:59 -0500] "GET /apps/store.php/indifun%20rummy%20club HTTP/1.1" 500 - "-" "Mozilla/5.0 (Linux; Android 6.0.1; Nexus 5X Build/MMB29P) AppleWebKit/537.36 (KHTML, like Gecko) Chrome/144.0.7559.132 Mobile Safari/537.36 (compatible; Googlebot/2.1; +http://www.google.com/bot.html)"
66.249.70.192 - - [17/Feb/2026:04:39:05 -0500] "GET /apps/store.php/Endless%20Tiger%20Luck- HTTP/1.1" 500 - "-" "Mozilla/5.0 (compatible; Googlebot/2.1; +http://www.google.com/bot.html)"
66.249.70.192 - - [17/Feb/2026:04:39:24 -0500] "GET /apps/store.php/Dear%20Lottery%20Result%2012-02%2025- HTTP/1.1" 500 - "-" "Mozilla/5.0 (compatible; Googlebot/2.1; +http://www.google.com/bot.html)"
66.249.70.192 - - [17/Feb/2026:04:39:40 -0500] "GET /apps/store.php/spin%20n%20win- HTTP/1.1" 500 - "-" "Mozilla/5.0 (compatible; Googlebot/2.1; +http://www.google.com/bot.html)"
66.249.70.192 - - [17/Feb/2026:04:40:52 -0500] "GET /apps/store.php/666%20teen%20patti- HTTP/1.1" 500 - "-" "Mozilla/5.0 (Linux; Android 6.0.1; Nexus 5X Build/MMB29P) AppleWebKit/537.36 (KHTML, like Gecko) Chrome/144.0.7559.132 Mobile Safari/537.36 (compatible; Googlebot/2.1; +http://www.google.com/bot.html)"
66.249.70.192 - - [17/Feb/2026:04:41:18 -0500] "GET /apps/store.php/fantasy%20league- HTTP/1.1" 500 - "-" "Mozilla/5.0 (compatible; Googlebot/2.1; +http://www.google.com/bot.html)"
66.249.70.192 - - [17/Feb/2026:04:41:22 -0500] "GET /apps/store.php/game%20jj HTTP/1.1" 500 - "-" "Mozilla/5.0 (Linux; Android 6.0.1; Nexus 5X Build/MMB29P) AppleWebKit/537.36 (KHTML, like Gecko) Chrome/144.0.7559.132 Mobile Safari/537.36 (compatible; Googlebot/2.1; +http://www.google.com/bot.html)"
66.249.70.192 - - [17/Feb/2026:04:42:33 -0500] "GET /apps/store.php/Super%20Niubi- HTTP/1.1" 500 - "-" "Mozilla/5.0 (compatible; Googlebot/2.1; +http://www.google.com/bot.html)"
66.249.70.193 - - [17/Feb/2026:04:43:06 -0500] "GET /apps/store.php/google%20play%20games%20web- HTTP/1.1" 500 - "-" "Mozilla/5.0 (Linux; Android 6.0.1; Nexus 5X Build/MMB29P) AppleWebKit/537.36 (KHTML, like Gecko) Chrome/144.0.7559.132 Mobile Safari/537.36 (compatible; Googlebot/2.1; +http://www.google.com/bot.html)"
66.249.70.192 - - [17/Feb/2026:04:43:19 -0500] "GET /apps/store.php/poki%20horror%20games- HTTP/1.1" 500 - "-" "Mozilla/5.0 (Linux; Android 6.0.1; Nexus 5X Build/MMB29P) AppleWebKit/537.36 (KHTML, like Gecko) Chrome/144.0.7559.132 Mobile Safari/537.36 (compatible; Googlebot/2.1; +http://www.google.com/bot.html)"
66.249.70.192 - - [17/Feb/2026:04:43:23 -0500] "GET /apps/store.php/daman%20jaisa%20dusra%20game- HTTP/1.1" 500 - "-" "Mozilla/5.0 (Linux; Android 6.0.1; Nexus 5X Build/MMB29P) AppleWebKit/537.36 (KHTML, like Gecko) Chrome/144.0.7559.132 Mobile Safari/537.36 (compatible; Googlebot/2.1; +http://www.google.com/bot.html)"
66.249.70.192 - - [17/Feb/2026:04:43:49 -0500] "GET /apps/store.php/slots%20sign%20up%20bonus%20no%20deposit HTTP/1.1" 500 - "-" "Mozilla/5.0 (Linux; Android 6.0.1; Nexus 5X Build/MMB29P) AppleWebKit/537.36 (KHTML, like Gecko) Chrome/144.0.7559.132 Mobile Safari/537.36 (compatible; Googlebot/2.1; +http://www.google.com/bot.html)"
66.249.70.192 - - [17/Feb/2026:04:43:49 -0500] "GET /apps/store.php/slots%20jaiho- HTTP/1.1" 500 - "-" "Mozilla/5.0 (Linux; Android 6.0.1; Nexus 5X Build/MMB29P) AppleWebKit/537.36 (KHTML, like Gecko) Chrome/144.0.7559.132 Mobile Safari/537.36 (compatible; Googlebot/2.1; +http://www.google.com/bot.html)"
106.202.17.9 - - [17/Feb/2026:04:44:03 -0500] "GET /apps/store.php/assamese%20bf- HTTP/1.1" 302 - "-" "Mozilla/5.0 (Linux; Android 10; K) AppleWebKit/537.36 (KHTML, like Gecko) Chrome/138.0.0.0 Mobile Safari/537.36"
66.249.70.192 - - [17/Feb/2026:04:44:21 -0500] "GET /apps/store.php/slotted%20screen- HTTP/1.1" 500 - "-" "Mozilla/5.0 (Linux; Android 6.0.1; Nexus 5X Build/MMB29P) AppleWebKit/537.36 (KHTML, like Gecko) Chrome/144.0.7559.132 Mobile Safari/537.36 (compatible; Googlebot/2.1; +http://www.google.com/bot.html)"
66.249.70.192 - - [17/Feb/2026:04:45:31 -0500] "GET /apps/store.php/Delhi%20grosvenor+casino+no+deposit+bonus+codes HTTP/1.1" 500 - "-" "Mozilla/5.0 (Linux; Android 6.0.1; Nexus 5X Build/MMB29P) AppleWebKit/537.36 (KHTML, like Gecko) Chrome/144.0.7559.132 Mobile Safari/537.36 (compatible; Googlebot/2.1; +http://www.google.com/bot.html)"
66.249.70.192 - - [17/Feb/2026:04:45:39 -0500] "GET /apps/store.php/daily%20fantasy%20sports%20sites- HTTP/1.1" 500 - "-" "Mozilla/5.0 (Linux; Android 6.0.1; Nexus 5X Build/MMB29P) AppleWebKit/537.36 (KHTML, like Gecko) Chrome/144.0.7559.132 Mobile Safari/537.36 (compatible; Googlebot/2.1; +http://www.google.com/bot.html)"
66.249.70.192 - - [17/Feb/2026:04:45:58 -0500] "GET /apps/store.php/cricket%20id%20online- HTTP/1.1" 500 - "-" "Mozilla/5.0 (Linux; Android 6.0.1; Nexus 5X Build/MMB29P) AppleWebKit/537.36 (KHTML, like Gecko) Chrome/144.0.7559.132 Mobile Safari/537.36 (compatible; Googlebot/2.1; +http://www.google.com/bot.html)"
66.249.70.192 - - [17/Feb/2026:04:46:01 -0500] "GET /apps/store.php/win%20bet%20in%20horse%20racing- HTTP/1.1" 500 - "-" "Mozilla/5.0 (compatible; Googlebot/2.1; +http://www.google.com/bot.html)"
66.249.70.192 - - [17/Feb/2026:04:46:36 -0500] "GET /apps/store.php/betway%20casino%20bonus%20no%20deposit- HTTP/1.1" 500 - "-" "Mozilla/5.0 (compatible; Googlebot/2.1; +http://www.google.com/bot.html)"
66.249.70.192 - - [17/Feb/2026:04:47:36 -0500] "GET /apps/store.php/Delhi%20bdg%20game%20job HTTP/1.1" 500 - "-" "Mozilla/5.0 (compatible; Googlebot/2.1; +http://www.google.com/bot.html)"
66.249.70.192 - - [17/Feb/2026:04:48:14 -0500] "GET /apps/store.php/websites%20to%20play%20free%20games- HTTP/1.1" 500 - "-" "Mozilla/5.0 (compatible; Googlebot/2.1; +http://www.google.com/bot.html)"
66.249.70.192 - - [17/Feb/2026:04:48:41 -0500] "GET /apps/store.php/lottery%20ka%20result%20dikhaiye- HTTP/1.1" 500 - "-" "Mozilla/5.0 (compatible; Googlebot/2.1; +http://www.google.com/bot.html)"
66.249.70.192 - - [17/Feb/2026:04:48:46 -0500] "GET /apps/store.php/trending%20online%20games- HTTP/1.1" 500 - "-" "Mozilla/5.0 (Linux; Android 6.0.1; Nexus 5X Build/MMB29P) AppleWebKit/537.36 (KHTML, like Gecko) Chrome/144.0.7559.132 Mobile Safari/537.36 (compatible; Googlebot/2.1; +http://www.google.com/bot.html)"
66.249.70.192 - - [17/Feb/2026:04:49:05 -0500] "GET /apps/store.php/jump%20game- HTTP/1.1" 500 - "-" "Mozilla/5.0 (Linux; Android 6.0.1; Nexus 5X Build/MMB29P) AppleWebKit/537.36 (KHTML, like Gecko) Chrome/144.0.7559.132 Mobile Safari/537.36 (compatible; Googlebot/2.1; +http://www.google.com/bot.html)"
66.249.70.192 - - [17/Feb/2026:04:49:07 -0500] "GET /apps/store.php/varthur%20santhosh%20net%20worth- HTTP/1.1" 500 - "-" "Mozilla/5.0 (Linux; Android 6.0.1; Nexus 5X Build/MMB29P) AppleWebKit/537.36 (KHTML, like Gecko) Chrome/144.0.7559.132 Mobile Safari/537.36 (compatible; Googlebot/2.1; +http://www.google.com/bot.html)"
66.249.70.192 - - [17/Feb/2026:04:49:17 -0500] "GET /apps/store.php/777%20slots%20login- HTTP/1.1" 500 - "-" "Mozilla/5.0 (compatible; Googlebot/2.1; +http://www.google.com/bot.html)"
66.249.70.192 - - [17/Feb/2026:04:49:23 -0500] "GET /apps/store.php/betway%20bonus%20withdrawal- HTTP/1.1" 500 - "-" "Mozilla/5.0 (compatible; Googlebot/2.1; +http://www.google.com/bot.html)"
66.249.70.192 - - [17/Feb/2026:04:49:51 -0500] "GET /apps/store.php/tuesday%20lottery%20results- HTTP/1.1" 500 - "-" "Mozilla/5.0 (Linux; Android 6.0.1; Nexus 5X Build/MMB29P) AppleWebKit/537.36 (KHTML, like Gecko) Chrome/144.0.7559.132 Mobile Safari/537.36 (compatible; Googlebot/2.1; +http://www.google.com/bot.html)"
66.249.70.194 - - [17/Feb/2026:04:50:08 -0500] "GET /apps/store.php/kalyan%20men HTTP/1.1" 500 - "-" "Mozilla/5.0 (Linux; Android 6.0.1; Nexus 5X Build/MMB29P) AppleWebKit/537.36 (KHTML, like Gecko) Chrome/144.0.7559.132 Mobile Safari/537.36 (compatible; Googlebot/2.1; +http://www.google.com/bot.html)"
66.249.70.193 - - [17/Feb/2026:04:51:27 -0500] "GET /apps/store.php/vgt%20slot%20machines- HTTP/1.1" 500 - "-" "Mozilla/5.0 (Linux; Android 6.0.1; Nexus 5X Build/MMB29P) AppleWebKit/537.36 (KHTML, like Gecko) Chrome/144.0.7559.132 Mobile Safari/537.36 (compatible; Googlebot/2.1; +http://www.google.com/bot.html)"
66.249.70.193 - - [17/Feb/2026:04:51:28 -0500] "GET /apps/store.php/Delhi%20tambola%20games%20with%20twist HTTP/1.1" 500 - "-" "Mozilla/5.0 (compatible; Googlebot/2.1; +http://www.google.com/bot.html)"
66.249.70.193 - - [17/Feb/2026:04:52:04 -0500] "GET /apps/store.php/how%20to%20play%20crash%20game%20online%20india- HTTP/1.1" 500 - "-" "Mozilla/5.0 (compatible; Googlebot/2.1; +http://www.google.com/bot.html)"
66.249.70.192 - - [17/Feb/2026:04:52:28 -0500] "GET /apps/store.php/cashino%20spin%20real%20cash%20money%20game- HTTP/1.1" 500 - "-" "Mozilla/5.0 (Linux; Android 6.0.1; Nexus 5X Build/MMB29P) AppleWebKit/537.36 (KHTML, like Gecko) Chrome/144.0.7559.132 Mobile Safari/537.36 (compatible; Googlebot/2.1; +http://www.google.com/bot.html)"
117.99.253.251 - - [17/Feb/2026:04:52:39 -0500] "GET /apps/store.php/kalyan%20chart%20satta%20matka%20chart HTTP/1.1" 302 - "-" "Mozilla/5.0 (Linux; Android 11; V2118 Build/RP1A.200720.012) AppleWebKit/537.36 (KHTML, like Gecko) Chrome/144.0.7559.132 Mobile Safari/537.36"
66.249.70.192 - - [17/Feb/2026:04:52:56 -0500] "GET /apps/store.php/today%20who%20will%20win%20the%20match%20ipl- HTTP/1.1" 500 - "-" "Mozilla/5.0 (compatible; Googlebot/2.1; +http://www.google.com/bot.html)"
66.249.70.192 - - [17/Feb/2026:04:53:19 -0500] "GET /apps/store.php/how%20to%20make%20a%20betting%20tips%20website HTTP/1.1" 500 - "-" "Mozilla/5.0 (Linux; Android 6.0.1; Nexus 5X Build/MMB29P) AppleWebKit/537.36 (KHTML, like Gecko) Chrome/144.0.7559.132 Mobile Safari/537.36 (compatible; Googlebot/2.1; +http://www.google.com/bot.html)"
66.249.70.192 - - [17/Feb/2026:04:53:22 -0500] "GET /apps/store.php/ysl%20slots%20vegas HTTP/1.1" 500 - "-" "Mozilla/5.0 (Linux; Android 6.0.1; Nexus 5X Build/MMB29P) AppleWebKit/537.36 (KHTML, like Gecko) Chrome/144.0.7559.132 Mobile Safari/537.36 (compatible; Googlebot/2.1; +http://www.google.com/bot.html)"
66.249.70.193 - - [17/Feb/2026:04:54:30 -0500] "GET /apps/store.php/555%20rummy- HTTP/1.1" 500 - "-" "Mozilla/5.0 (Linux; Android 6.0.1; Nexus 5X Build/MMB29P) AppleWebKit/537.36 (KHTML, like Gecko) Chrome/144.0.7559.132 Mobile Safari/537.36 (compatible; Googlebot/2.1; +http://www.google.com/bot.html)"
66.249.70.192 - - [17/Feb/2026:04:55:57 -0500] "GET /apps/store.php/CLAW%20FORCE- HTTP/1.1" 500 - "-" "Mozilla/5.0 (compatible; Googlebot/2.1; +http://www.google.com/bot.html)"
66.249.70.192 - - [17/Feb/2026:04:56:16 -0500] "GET /apps/store.php/betting%20games%20android%20online%20horse- HTTP/1.1" 500 - "-" "Mozilla/5.0 (compatible; Googlebot/2.1; +http://www.google.com/bot.html)"
66.249.70.192 - - [17/Feb/2026:04:56:23 -0500] "GET /apps/store.php/bollywood%20tambola%20games- HTTP/1.1" 500 - "-" "Mozilla/5.0 (Linux; Android 6.0.1; Nexus 5X Build/MMB29P) AppleWebKit/537.36 (KHTML, like Gecko) Chrome/144.0.7559.132 Mobile Safari/537.36 (compatible; Googlebot/2.1; +http://www.google.com/bot.html)"
66.249.70.192 - - [17/Feb/2026:04:56:26 -0500] "GET /apps/store.php/games%20lay%20net- HTTP/1.1" 500 - "-" "Mozilla/5.0 (compatible; Googlebot/2.1; +http://www.google.com/bot.html)"
66.249.70.192 - - [17/Feb/2026:04:56:47 -0500] "GET /apps/store.php/sex%20slot%20machine- HTTP/1.1" 500 - "-" "Mozilla/5.0 (compatible; Googlebot/2.1; +http://www.google.com/bot.html)"
66.249.70.192 - - [17/Feb/2026:04:57:34 -0500] "GET /apps/store.php/slot%20machine%20casino%20games- HTTP/1.1" 500 - "-" "Mozilla/5.0 (compatible; Googlebot/2.1; +http://www.google.com/bot.html)"
66.249.70.194 - - [17/Feb/2026:04:58:04 -0500] "GET /apps/store.php/CHICAGO%E2%85%A1- HTTP/1.1" 500 - "-" "Mozilla/5.0 (Linux; Android 6.0.1; Nexus 5X Build/MMB29P) AppleWebKit/537.36 (KHTML, like Gecko) Chrome/144.0.7559.132 Mobile Safari/537.36 (compatible; Googlebot/2.1; +http://www.google.com/bot.html)"
66.249.70.193 - - [17/Feb/2026:04:59:25 -0500] "GET /apps/store.php/caesar%20slots%20free%20coins%20cheats- HTTP/1.1" 500 - "-" "Mozilla/5.0 (compatible; Googlebot/2.1; +http://www.google.com/bot.html)"
66.249.70.192 - - [17/Feb/2026:04:59:27 -0500] "GET /apps/store.php/slot%20machine%20game%20in%20ios HTTP/1.1" 500 - "-" "Mozilla/5.0 (Linux; Android 6.0.1; Nexus 5X Build/MMB29P) AppleWebKit/537.36 (KHTML, like Gecko) Chrome/144.0.7559.132 Mobile Safari/537.36 (compatible; Googlebot/2.1; +http://www.google.com/bot.html)"
45.9.156.106 - - [17/Feb/2026:04:59:29 -0500] "GET /apps/store.php/demis%20hassabis%20net%20worth HTTP/1.1" 200 11790 "-" "Mozilla/5.0 (Windows NT 10.0; Win64; x64) AppleWebKit/537.36 (KHTML, like Gecko) Chrome/84.0.4147.105 Safari/537.36"
66.249.70.192 - - [17/Feb/2026:04:59:34 -0500] "GET /apps/store.php/slots%20empire%20casino%20casinonewsdaily.com- HTTP/1.1" 500 - "-" "Mozilla/5.0 (compatible; Googlebot/2.1; +http://www.google.com/bot.html)"
66.249.70.194 - - [17/Feb/2026:05:00:29 -0500] "GET /apps/store.php/free%20practice%20slots- HTTP/1.1" 500 - "-" "Mozilla/5.0 (Linux; Android 6.0.1; Nexus 5X Build/MMB29P) AppleWebKit/537.36 (KHTML, like Gecko) Chrome/144.0.7559.132 Mobile Safari/537.36 (compatible; Googlebot/2.1; +http://www.google.com/bot.html)"
66.249.70.192 - - [17/Feb/2026:05:00:33 -0500] "GET /apps/store.php/27%20tarikh- HTTP/1.1" 500 - "-" "Mozilla/5.0 (Linux; Android 6.0.1; Nexus 5X Build/MMB29P) AppleWebKit/537.36 (KHTML, like Gecko) Chrome/144.0.7559.132 Mobile Safari/537.36 (compatible; Googlebot/2.1; +http://www.google.com/bot.html)"
66.249.70.193 - - [17/Feb/2026:05:01:03 -0500] "GET /apps/store.php/golden%20satta%20matka%20panel%20chart- HTTP/1.1" 500 - "-" "Mozilla/5.0 (Linux; Android 6.0.1; Nexus 5X Build/MMB29P) AppleWebKit/537.36 (KHTML, like Gecko) Chrome/144.0.7559.132 Mobile Safari/537.36 (compatible; Googlebot/2.1; +http://www.google.com/bot.html)"
66.249.70.193 - - [17/Feb/2026:05:01:10 -0500] "GET /apps/store.php/aviator%20predictor- HTTP/1.1" 500 - "-" "Mozilla/5.0 (Linux; Android 6.0.1; Nexus 5X Build/MMB29P) AppleWebKit/537.36 (KHTML, like Gecko) Chrome/144.0.7559.132 Mobile Safari/537.36 (compatible; Googlebot/2.1; +http://www.google.com/bot.html)"
66.249.70.192 - - [17/Feb/2026:05:01:14 -0500] "GET /apps/store.php/Cricket%20Free%20Tips- HTTP/1.1" 500 - "-" "Mozilla/5.0 (Linux; Android 6.0.1; Nexus 5X Build/MMB29P) AppleWebKit/537.36 (KHTML, like Gecko) Chrome/144.0.7559.132 Mobile Safari/537.36 (compatible; Googlebot/2.1; +http://www.google.com/bot.html)"
66.249.70.192 - - [17/Feb/2026:05:01:16 -0500] "GET /apps/store.php/pc%20game%203d HTTP/1.1" 500 - "-" "Mozilla/5.0 (Linux; Android 6.0.1; Nexus 5X Build/MMB29P) AppleWebKit/537.36 (KHTML, like Gecko) Chrome/144.0.7559.132 Mobile Safari/537.36 (compatible; Googlebot/2.1; +http://www.google.com/bot.html)"
66.249.70.192 - - [17/Feb/2026:05:01:21 -0500] "GET /apps/store.php/the%20best%20betting%20app- HTTP/1.1" 500 - "-" "Mozilla/5.0 (Linux; Android 6.0.1; Nexus 5X Build/MMB29P) AppleWebKit/537.36 (KHTML, like Gecko) Chrome/144.0.7559.132 Mobile Safari/537.36 (compatible; Googlebot/2.1; +http://www.google.com/bot.html)"
110.224.175.163 - - [17/Feb/2026:05:01:52 -0500] "GET /apps/store.php/andhra%20pradesh%20satta%20matka HTTP/1.1" 302 - "https://www.google.com/url?q=http://critatp.in/apps/store.php/andhra%2520pradesh%2520satta%2520matka&sa=U&sqi=2&ved=2ahUKEwieuejDouCSAxUYj68BHc2GO7sQFnoECC4QAQ&usg=AOvVaw3DMBd5AoTh2QOMBMF0N0ez" "Mozilla/5.0 (iPhone; CPU iPhone OS 18_6_2 like Mac OS X) AppleWebKit/605.1.15 (KHTML, like Gecko) GSA/407.0.866017435 Mobile/15E148 Safari/604.1"
66.249.70.192 - - [17/Feb/2026:05:01:58 -0500] "GET /apps/store.php/1h%20betting%20meaning HTTP/1.1" 500 - "-" "Mozilla/5.0 (Linux; Android 6.0.1; Nexus 5X Build/MMB29P) AppleWebKit/537.36 (KHTML, like Gecko) Chrome/144.0.7559.132 Mobile Safari/537.36 (compatible; Googlebot/2.1; +http://www.google.com/bot.html)"
66.249.70.192 - - [17/Feb/2026:05:03:15 -0500] "GET /apps/store.php/everytip%20co%20uk%20cricket- HTTP/1.1" 500 - "-" "Mozilla/5.0 (Linux; Android 6.0.1; Nexus 5X Build/MMB29P) AppleWebKit/537.36 (KHTML, like Gecko) Chrome/144.0.7559.132 Mobile Safari/537.36 (compatible; Googlebot/2.1; +http://www.google.com/bot.html)"
110.224.175.163 - - [17/Feb/2026:05:03:17 -0500] "GET /apps/store.php/andhra%20pradesh%20satta%20matka HTTP/1.1" 302 - "https://www.google.com/url?q=http://critatp.in/apps/store.php/andhra%2520pradesh%2520satta%2520matka&sa=U&sqi=2&ved=2ahUKEwiGuLDbouCSAxV8kq8BHWriDKMQFnoECC0QAQ&usg=AOvVaw29T2_EiRowBqtBA5-vJu01" "Mozilla/5.0 (iPhone; CPU iPhone OS 18_6_2 like Mac OS X) AppleWebKit/605.1.15 (KHTML, like Gecko) GSA/407.0.866017435 Mobile/15E148 Safari/604.1"
1.39.29.155 - - [17/Feb/2026:05:03:22 -0500] "GET /apps/store.php/7%20panel%20chart HTTP/1.1" 302 - "-" "Mozilla/5.0 (Linux; Android 10; K) AppleWebKit/537.36 (KHTML, like Gecko) Chrome/144.0.0.0 Mobile Safari/537.36"
66.249.70.192 - - [17/Feb/2026:05:03:24 -0500] "GET /apps/store.php/roulette%20hindi%20words- HTTP/1.1" 500 - "-" "Mozilla/5.0 (Linux; Android 6.0.1; Nexus 5X Build/MMB29P) AppleWebKit/537.36 (KHTML, like Gecko) Chrome/144.0.7559.132 Mobile Safari/537.36 (compatible; Googlebot/2.1; +http://www.google.com/bot.html)"
110.224.175.163 - - [17/Feb/2026:05:03:58 -0500] "GET /apps/store.php/andhra%20pradesh%20satta%20matka HTTP/1.1" 302 - "https://www.google.com/url?q=http://critatp.in/apps/store.php/andhra%2520pradesh%2520satta%2520matka&sa=U&sqi=2&ved=2ahUKEwiGuLDbouCSAxV8kq8BHWriDKMQFnoECC0QAQ&usg=AOvVaw29T2_EiRowBqtBA5-vJu01" "Mozilla/5.0 (iPhone; CPU iPhone OS 18_6_2 like Mac OS X) AppleWebKit/605.1.15 (KHTML, like Gecko) GSA/407.0.866017435 Mobile/15E148 Safari/604.1"
66.249.70.192 - - [17/Feb/2026:05:04:21 -0500] "GET /apps/store.php/King%20Kong%20Shake- HTTP/1.1" 500 - "-" "Mozilla/5.0 (Linux; Android 6.0.1; Nexus 5X Build/MMB29P) AppleWebKit/537.36 (KHTML, like Gecko) Chrome/144.0.7559.132 Mobile Safari/537.36 (compatible; Googlebot/2.1; +http://www.google.com/bot.html)"
66.249.70.192 - - [17/Feb/2026:05:04:37 -0500] "GET /apps/store.php/tower%20defense%20games- HTTP/1.1" 500 - "-" "Mozilla/5.0 (compatible; Googlebot/2.1; +http://www.google.com/bot.html)"
66.249.70.192 - - [17/Feb/2026:05:05:45 -0500] "GET /apps/store.php/slots%20animal- HTTP/1.1" 500 - "-" "Mozilla/5.0 (compatible; Googlebot/2.1; +http://www.google.com/bot.html)"
66.249.70.194 - - [17/Feb/2026:05:06:03 -0500] "GET /apps/store.php/chicken%20road%20original%20game- HTTP/1.1" 500 - "-" "Mozilla/5.0 (compatible; Googlebot/2.1; +http://www.google.com/bot.html)"
66.249.70.194 - - [17/Feb/2026:05:07:05 -0500] "GET /apps/store.php/game%203f- HTTP/1.1" 500 - "-" "Mozilla/5.0 (Linux; Android 6.0.1; Nexus 5X Build/MMB29P) AppleWebKit/537.36 (KHTML, like Gecko) Chrome/144.0.7559.132 Mobile Safari/537.36 (compatible; Googlebot/2.1; +http://www.google.com/bot.html)"
66.249.70.193 - - [17/Feb/2026:05:07:42 -0500] "GET /apps/store.php/new%20daman%20game%20download- HTTP/1.1" 500 - "-" "Mozilla/5.0 (Linux; Android 6.0.1; Nexus 5X Build/MMB29P) AppleWebKit/537.36 (KHTML, like Gecko) Chrome/144.0.7559.132 Mobile Safari/537.36 (compatible; Googlebot/2.1; +http://www.google.com/bot.html)"
66.249.70.192 - - [17/Feb/2026:05:08:50 -0500] "GET /apps/store.php/satta%20matka%20milan%20kalyan%20result HTTP/1.1" 500 - "-" "Mozilla/5.0 (Linux; Android 6.0.1; Nexus 5X Build/MMB29P) AppleWebKit/537.36 (KHTML, like Gecko) Chrome/144.0.7559.132 Mobile Safari/537.36 (compatible; Googlebot/2.1; +http://www.google.com/bot.html)"
66.249.70.192 - - [17/Feb/2026:05:09:19 -0500] "GET /apps/store.php/Villa%20Fortuna%20Caslno%20No%20deposlt%20codes- HTTP/1.1" 500 - "-" "Mozilla/5.0 (compatible; Googlebot/2.1; +http://www.google.com/bot.html)"
66.249.70.192 - - [17/Feb/2026:05:09:25 -0500] "GET /apps/store.php/india%20v%20bangladesh%20live%20streaming- HTTP/1.1" 500 - "-" "Mozilla/5.0 (Linux; Android 6.0.1; Nexus 5X Build/MMB29P) AppleWebKit/537.36 (KHTML, like Gecko) Chrome/144.0.7559.132 Mobile Safari/537.36 (compatible; Googlebot/2.1; +http://www.google.com/bot.html)"
157.49.156.56 - - [17/Feb/2026:05:09:44 -0500] "GET /apps/store.php/Delhi%20satta+matta+matka+guessing+forum- HTTP/1.1" 302 - "-" "Mozilla/5.0 (Linux; Android 10; K) AppleWebKit/537.36 (KHTML, like Gecko) Chrome/144.0.0.0 Mobile Safari/537.36"
66.249.70.193 - - [17/Feb/2026:05:10:02 -0500] "GET /apps/store.php/mgm%20slots- HTTP/1.1" 500 - "-" "Mozilla/5.0 (Linux; Android 6.0.1; Nexus 5X Build/MMB29P) AppleWebKit/537.36 (KHTML, like Gecko) Chrome/144.0.7559.132 Mobile Safari/537.36 (compatible; Googlebot/2.1; +http://www.google.com/bot.html)"
66.249.70.192 - - [17/Feb/2026:05:10:04 -0500] "GET /apps/store.php/poki%20car%20games%20online- HTTP/1.1" 500 - "-" "Mozilla/5.0 (compatible; Googlebot/2.1; +http://www.google.com/bot.html)"
66.249.70.192 - - [17/Feb/2026:05:10:13 -0500] "GET /apps/store.php/WaterWorld- HTTP/1.1" 500 - "-" "Mozilla/5.0 (Linux; Android 6.0.1; Nexus 5X Build/MMB29P) AppleWebKit/537.36 (KHTML, like Gecko) Chrome/144.0.7559.132 Mobile Safari/537.36 (compatible; Googlebot/2.1; +http://www.google.com/bot.html)"
66.249.70.192 - - [17/Feb/2026:05:10:28 -0500] "GET /apps/store.php/bit%20casino- HTTP/1.1" 500 - "-" "Mozilla/5.0 (Linux; Android 6.0.1; Nexus 5X Build/MMB29P) AppleWebKit/537.36 (KHTML, like Gecko) Chrome/144.0.7559.132 Mobile Safari/537.36 (compatible; Googlebot/2.1; +http://www.google.com/bot.html)"
66.249.70.193 - - [17/Feb/2026:05:12:04 -0500] "GET /apps/store.php/what%20is%20online%20gambling- HTTP/1.1" 500 - "-" "Mozilla/5.0 (Linux; Android 6.0.1; Nexus 5X Build/MMB29P) AppleWebKit/537.36 (KHTML, like Gecko) Chrome/144.0.7559.132 Mobile Safari/537.36 (compatible; Googlebot/2.1; +http://www.google.com/bot.html)"
66.249.70.192 - - [17/Feb/2026:05:12:35 -0500] "GET /apps/store.php/7up%20casino- HTTP/1.1" 500 - "-" "Mozilla/5.0 (Linux; Android 6.0.1; Nexus 5X Build/MMB29P) AppleWebKit/537.36 (KHTML, like Gecko) Chrome/144.0.7559.132 Mobile Safari/537.36 (compatible; Googlebot/2.1; +http://www.google.com/bot.html)"
66.249.70.192 - - [17/Feb/2026:05:13:11 -0500] "GET /apps/store.php/Delhi%20ibibo%20teen%20pattil HTTP/1.1" 500 - "-" "Mozilla/5.0 (compatible; Googlebot/2.1; +http://www.google.com/bot.html)"
66.249.70.192 - - [17/Feb/2026:05:14:07 -0500] "GET /apps/store.php/jetbull%20welcome%20bonus- HTTP/1.1" 500 - "-" "Mozilla/5.0 (compatible; Googlebot/2.1; +http://www.google.com/bot.html)"
66.249.70.192 - - [17/Feb/2026:05:14:16 -0500] "GET /apps/store.php/how%20to%20win%20playing%20online%20casino%20slots- HTTP/1.1" 500 - "-" "Mozilla/5.0 (compatible; Googlebot/2.1; +http://www.google.com/bot.html)"
66.249.70.192 - - [17/Feb/2026:05:14:17 -0500] "GET /apps/store.php/Delhi%20where%20to%20watch%20live%20match HTTP/1.1" 500 - "-" "Mozilla/5.0 (compatible; Googlebot/2.1; +http://www.google.com/bot.html)"
66.249.70.192 - - [17/Feb/2026:05:14:31 -0500] "GET /apps/store.php/poki%20rapunzel%20games- HTTP/1.1" 500 - "-" "Mozilla/5.0 (compatible; Googlebot/2.1; +http://www.google.com/bot.html)"
66.249.70.192 - - [17/Feb/2026:05:14:41 -0500] "GET /apps/store.php/x777%20super%20ace%20jili%20download- HTTP/1.1" 500 - "-" "Mozilla/5.0 (compatible; Googlebot/2.1; +http://www.google.com/bot.html)"
66.249.70.192 - - [17/Feb/2026:05:14:52 -0500] "GET /apps/store.php/dragon%20tiger%20strategyl- HTTP/1.1" 500 - "-" "Mozilla/5.0 (Linux; Android 6.0.1; Nexus 5X Build/MMB29P) AppleWebKit/537.36 (KHTML, like Gecko) Chrome/144.0.7559.132 Mobile Safari/537.36 (compatible; Googlebot/2.1; +http://www.google.com/bot.html)"
66.249.70.192 - - [17/Feb/2026:05:15:25 -0500] "GET /apps/store.php/games%20to%20play%20online%20on%20poki- HTTP/1.1" 500 - "-" "Mozilla/5.0 (Linux; Android 6.0.1; Nexus 5X Build/MMB29P) AppleWebKit/537.36 (KHTML, like Gecko) Chrome/144.0.7559.132 Mobile Safari/537.36 (compatible; Googlebot/2.1; +http://www.google.com/bot.html)"
66.249.70.192 - - [17/Feb/2026:05:15:35 -0500] "GET /apps/store.php/night%20lottery%20sambad%20result- HTTP/1.1" 500 - "-" "Mozilla/5.0 (Linux; Android 6.0.1; Nexus 5X Build/MMB29P) AppleWebKit/537.36 (KHTML, like Gecko) Chrome/144.0.7559.132 Mobile Safari/537.36 (compatible; Googlebot/2.1; +http://www.google.com/bot.html)"
66.249.70.192 - - [17/Feb/2026:05:16:00 -0500] "GET /apps/store.php/GuGuGu- HTTP/1.1" 500 - "-" "Mozilla/5.0 (compatible; Googlebot/2.1; +http://www.google.com/bot.html)"
66.249.70.193 - - [17/Feb/2026:05:16:18 -0500] "GET /apps/store.php/slot%20games%20win%20real%20money- HTTP/1.1" 500 - "-" "Mozilla/5.0 (Linux; Android 6.0.1; Nexus 5X Build/MMB29P) AppleWebKit/537.36 (KHTML, like Gecko) Chrome/144.0.7559.132 Mobile Safari/537.36 (compatible; Googlebot/2.1; +http://www.google.com/bot.html)"
66.249.70.193 - - [17/Feb/2026:05:16:20 -0500] "GET /apps/store.php/slots%20demo%20game- HTTP/1.1" 500 - "-" "Mozilla/5.0 (compatible; Googlebot/2.1; +http://www.google.com/bot.html)"
66.249.70.192 - - [17/Feb/2026:05:16:29 -0500] "GET /apps/store.php/free%20games%20no%20download%20poki- HTTP/1.1" 500 - "-" "Mozilla/5.0 (Linux; Android 6.0.1; Nexus 5X Build/MMB29P) AppleWebKit/537.36 (KHTML, like Gecko) Chrome/144.0.7559.132 Mobile Safari/537.36 (compatible; Googlebot/2.1; +http://www.google.com/bot.html)"
66.249.70.192 - - [17/Feb/2026:05:16:39 -0500] "GET /apps/store.php/online%20slots%20pokies- HTTP/1.1" 500 - "-" "Mozilla/5.0 (Linux; Android 6.0.1; Nexus 5X Build/MMB29P) AppleWebKit/537.36 (KHTML, like Gecko) Chrome/144.0.7559.132 Mobile Safari/537.36 (compatible; Googlebot/2.1; +http://www.google.com/bot.html)"
66.249.70.194 - - [17/Feb/2026:05:17:05 -0500] "GET /apps/store.php/Playson%20casino HTTP/1.1" 500 - "-" "Mozilla/5.0 (Linux; Android 6.0.1; Nexus 5X Build/MMB29P) AppleWebKit/537.36 (KHTML, like Gecko) Chrome/144.0.7559.132 Mobile Safari/537.36 (compatible; Googlebot/2.1; +http://www.google.com/bot.html)"
66.249.70.192 - - [17/Feb/2026:05:17:08 -0500] "GET /apps/store.php/90%20jili%20game%20login- HTTP/1.1" 500 - "-" "Mozilla/5.0 (Linux; Android 6.0.1; Nexus 5X Build/MMB29P) AppleWebKit/537.36 (KHTML, like Gecko) Chrome/144.0.7559.132 Mobile Safari/537.36 (compatible; Googlebot/2.1; +http://www.google.com/bot.html)"
66.249.70.192 - - [17/Feb/2026:05:17:24 -0500] "GET /apps/store.php/slot%20machine%20maker- HTTP/1.1" 500 - "-" "Mozilla/5.0 (Linux; Android 6.0.1; Nexus 5X Build/MMB29P) AppleWebKit/537.36 (KHTML, like Gecko) Chrome/144.0.7559.132 Mobile Safari/537.36 (compatible; Googlebot/2.1; +http://www.google.com/bot.html)"
66.249.70.192 - - [17/Feb/2026:05:17:37 -0500] "GET /apps/store.php/double%20jackpot%20slot%20machine- HTTP/1.1" 500 - "-" "Mozilla/5.0 (compatible; Googlebot/2.1; +http://www.google.com/bot.html)"
66.249.70.192 - - [17/Feb/2026:05:17:45 -0500] "GET /apps/store.php/family%20games%20poki- HTTP/1.1" 500 - "-" "Mozilla/5.0 (Linux; Android 6.0.1; Nexus 5X Build/MMB29P) AppleWebKit/537.36 (KHTML, like Gecko) Chrome/144.0.7559.132 Mobile Safari/537.36 (compatible; Googlebot/2.1; +http://www.google.com/bot.html)"
66.249.70.192 - - [17/Feb/2026:05:18:21 -0500] "GET /apps/store.php/pull%20up%20free%20casino%20slots- HTTP/1.1" 500 - "-" "Mozilla/5.0 (compatible; Googlebot/2.1; +http://www.google.com/bot.html)"
66.249.70.192 - - [17/Feb/2026:05:18:52 -0500] "GET /apps/store.php/Aladdin's%20lamp- HTTP/1.1" 500 - "-" "Mozilla/5.0 (compatible; Googlebot/2.1; +http://www.google.com/bot.html)"
66.249.70.192 - - [17/Feb/2026:05:19:05 -0500] "GET /apps/store.php/lucky%20dice- HTTP/1.1" 500 - "-" "Mozilla/5.0 (Linux; Android 6.0.1; Nexus 5X Build/MMB29P) AppleWebKit/537.36 (KHTML, like Gecko) Chrome/144.0.7559.132 Mobile Safari/537.36 (compatible; Googlebot/2.1; +http://www.google.com/bot.html)"
66.249.70.194 - - [17/Feb/2026:05:19:07 -0500] "GET /apps/store.php/live%20casino%20games%20online- HTTP/1.1" 500 - "-" "Mozilla/5.0 (Linux; Android 6.0.1; Nexus 5X Build/MMB29P) AppleWebKit/537.36 (KHTML, like Gecko) Chrome/144.0.7559.132 Mobile Safari/537.36 (compatible; Googlebot/2.1; +http://www.google.com/bot.html)"
66.249.70.193 - - [17/Feb/2026:05:19:18 -0500] "GET /apps/store.php/pc%20game%202010- HTTP/1.1" 500 - "-" "Mozilla/5.0 (Linux; Android 6.0.1; Nexus 5X Build/MMB29P) AppleWebKit/537.36 (KHTML, like Gecko) Chrome/144.0.7559.132 Mobile Safari/537.36 (compatible; Googlebot/2.1; +http://www.google.com/bot.html)"
66.249.70.192 - - [17/Feb/2026:05:20:24 -0500] "GET /apps/store.php/game%20slot%20terlengkap- HTTP/1.1" 500 - "-" "Mozilla/5.0 (Linux; Android 6.0.1; Nexus 5X Build/MMB29P) AppleWebKit/537.36 (KHTML, like Gecko) Chrome/144.0.7559.132 Mobile Safari/537.36 (compatible; Googlebot/2.1; +http://www.google.com/bot.html)"
66.249.70.192 - - [17/Feb/2026:05:20:28 -0500] "GET /apps/store.php/Fortune%20Spirits- HTTP/1.1" 500 - "-" "Mozilla/5.0 (compatible; Googlebot/2.1; +http://www.google.com/bot.html)"
196.188.112.62 - - [17/Feb/2026:05:20:36 -0500] "GET http://critatp.in/apps/store.php/greyhound%20tv HTTP/1.1" 302 - "http://critatp.in/" "Mozilla/5.0 (X11; Linux x86_64) AppleWebKit/537.36 (KHTML, like Gecko) Chrome/114.0.0.0 Safari/537.36"
66.249.70.192 - - [17/Feb/2026:05:20:45 -0500] "GET /apps/store.php/merry%20christmas%20slots%20game- HTTP/1.1" 500 - "-" "Mozilla/5.0 (Linux; Android 6.0.1; Nexus 5X Build/MMB29P) AppleWebKit/537.36 (KHTML, like Gecko) Chrome/144.0.7559.132 Mobile Safari/537.36 (compatible; Googlebot/2.1; +http://www.google.com/bot.html)"
66.249.70.192 - - [17/Feb/2026:05:20:53 -0500] "GET /apps/store.php/SpribeSpGoal- HTTP/1.1" 500 - "-" "Mozilla/5.0 (compatible; Googlebot/2.1; +http://www.google.com/bot.html)"
66.249.70.194 - - [17/Feb/2026:05:21:01 -0500] "GET /apps/store.php/download%20free%20casino%20slot%20games%20for%20mobile%20phone- HTTP/1.1" 500 - "-" "Mozilla/5.0 (compatible; Googlebot/2.1; +http://www.google.com/bot.html)"
66.249.70.192 - - [17/Feb/2026:05:22:08 -0500] "GET /apps/store.php/stickman%20games%20in%20poki%20games- HTTP/1.1" 500 - "-" "Mozilla/5.0 (Linux; Android 6.0.1; Nexus 5X Build/MMB29P) AppleWebKit/537.36 (KHTML, like Gecko) Chrome/144.0.7559.132 Mobile Safari/537.36 (compatible; Googlebot/2.1; +http://www.google.com/bot.html)"
66.249.70.193 - - [17/Feb/2026:05:22:09 -0500] "GET /apps/store.php/God%20Of%20Martial- HTTP/1.1" 500 - "-" "Mozilla/5.0 (compatible; Googlebot/2.1; +http://www.google.com/bot.html)"
66.249.70.193 - - [17/Feb/2026:05:22:52 -0500] "GET /apps/store.php/big%20game%20app- HTTP/1.1" 500 - "-" "Mozilla/5.0 (Linux; Android 6.0.1; Nexus 5X Build/MMB29P) AppleWebKit/537.36 (KHTML, like Gecko) Chrome/144.0.7559.132 Mobile Safari/537.36 (compatible; Googlebot/2.1; +http://www.google.com/bot.html)"
66.249.70.193 - - [17/Feb/2026:05:23:13 -0500] "GET /apps/store.php/Delhi%20today+world+cup+live HTTP/1.1" 500 - "-" "Mozilla/5.0 (Linux; Android 6.0.1; Nexus 5X Build/MMB29P) AppleWebKit/537.36 (KHTML, like Gecko) Chrome/144.0.7559.132 Mobile Safari/537.36 (compatible; Googlebot/2.1; +http://www.google.com/bot.html)"
66.249.70.192 - - [17/Feb/2026:05:23:33 -0500] "GET /apps/store.php/Bubbles- HTTP/1.1" 500 - "-" "Mozilla/5.0 (Linux; Android 6.0.1; Nexus 5X Build/MMB29P) AppleWebKit/537.36 (KHTML, like Gecko) Chrome/144.0.7559.132 Mobile Safari/537.36 (compatible; Googlebot/2.1; +http://www.google.com/bot.html)"
66.249.70.192 - - [17/Feb/2026:05:23:40 -0500] "GET /apps/store.php/raftwars%204%20game%20play%20online%20poki- HTTP/1.1" 500 - "-" "Mozilla/5.0 (compatible; Googlebot/2.1; +http://www.google.com/bot.html)"
66.249.70.192 - - [17/Feb/2026:05:23:56 -0500] "GET /apps/store.php/ten%20exchange%20login- HTTP/1.1" 500 - "-" "Mozilla/5.0 (Linux; Android 6.0.1; Nexus 5X Build/MMB29P) AppleWebKit/537.36 (KHTML, like Gecko) Chrome/144.0.7559.132 Mobile Safari/537.36 (compatible; Googlebot/2.1; +http://www.google.com/bot.html)"
66.249.70.192 - - [17/Feb/2026:05:24:38 -0500] "GET /apps/store.php/play%20play%20india%20lottery- HTTP/1.1" 500 - "-" "Mozilla/5.0 (compatible; Googlebot/2.1; +http://www.google.com/bot.html)"
66.249.70.192 - - [17/Feb/2026:05:24:47 -0500] "GET /apps/store.php/Dragon%20Warrior- HTTP/1.1" 500 - "-" "Mozilla/5.0 (Linux; Android 6.0.1; Nexus 5X Build/MMB29P) AppleWebKit/537.36 (KHTML, like Gecko) Chrome/144.0.7559.132 Mobile Safari/537.36 (compatible; Googlebot/2.1; +http://www.google.com/bot.html)"
66.249.70.192 - - [17/Feb/2026:05:26:11 -0500] "GET /apps/store.php/Crazy%20Pusher- HTTP/1.1" 500 - "-" "Mozilla/5.0 (compatible; Googlebot/2.1; +http://www.google.com/bot.html)"
66.249.70.192 - - [17/Feb/2026:05:26:20 -0500] "GET /apps/store.php/catapulted%20meaning%20in%20hindi- HTTP/1.1" 500 - "-" "Mozilla/5.0 (Linux; Android 6.0.1; Nexus 5X Build/MMB29P) AppleWebKit/537.36 (KHTML, like Gecko) Chrome/144.0.7559.132 Mobile Safari/537.36 (compatible; Googlebot/2.1; +http://www.google.com/bot.html)"
