Al-HUWAITI Shell
Al-huwaiti


Server : Apache
System : Linux server.xvl.jdw.mybluehostin.me 5.14.0-611.27.1.el9_7.x86_64 #1 SMP PREEMPT_DYNAMIC Wed Feb 4 04:40:11 EST 2026 x86_64
User : critatp ( 1208)
PHP Version : 8.0.30
Disable Function : exec,passthru,shell_exec,system
Directory :  /home/critatp/access-logs/

Upload File :
current_dir [ Writeable ] document_root [ Writeable ]

 

Current File : /home/critatp/access-logs/critatp.in
66.249.70.192 - - [17/Feb/2026:02:54:52 -0500] "GET /apps/store.php/manipal%20online%20slot- HTTP/1.1" 500 - "-" "Mozilla/5.0 (compatible; Googlebot/2.1; +http://www.google.com/bot.html)"
66.249.70.193 - - [17/Feb/2026:02:55:22 -0500] "GET /apps/store.php/free%20slot%20games%20with%20bonus%20spins- HTTP/1.1" 500 - "-" "Mozilla/5.0 (Linux; Android 6.0.1; Nexus 5X Build/MMB29P) AppleWebKit/537.36 (KHTML, like Gecko) Chrome/144.0.7559.132 Mobile Safari/537.36 (compatible; Googlebot/2.1; +http://www.google.com/bot.html)"
66.249.70.193 - - [17/Feb/2026:02:55:35 -0500] "GET /apps/store.php/slot%20machine%20online- HTTP/1.1" 500 - "-" "Mozilla/5.0 (Linux; Android 6.0.1; Nexus 5X Build/MMB29P) AppleWebKit/537.36 (KHTML, like Gecko) Chrome/144.0.7559.132 Mobile Safari/537.36 (compatible; Googlebot/2.1; +http://www.google.com/bot.html)"
66.249.70.193 - - [17/Feb/2026:02:55:38 -0500] "GET /apps/store.php/tez888%20app%20download%20free%20for%20android- HTTP/1.1" 500 - "-" "Mozilla/5.0 (compatible; Googlebot/2.1; +http://www.google.com/bot.html)"
66.249.70.192 - - [17/Feb/2026:02:56:19 -0500] "GET /apps/store.php/ocean%20shores%20casino- HTTP/1.1" 500 - "-" "Mozilla/5.0 (Linux; Android 6.0.1; Nexus 5X Build/MMB29P) AppleWebKit/537.36 (KHTML, like Gecko) Chrome/144.0.7559.132 Mobile Safari/537.36 (compatible; Googlebot/2.1; +http://www.google.com/bot.html)"
66.249.70.192 - - [17/Feb/2026:02:57:46 -0500] "GET /apps/store.php/spelling%20of%20ludo- HTTP/1.1" 500 - "-" "Mozilla/5.0 (Linux; Android 6.0.1; Nexus 5X Build/MMB29P) AppleWebKit/537.36 (KHTML, like Gecko) Chrome/144.0.7559.132 Mobile Safari/537.36 (compatible; Googlebot/2.1; +http://www.google.com/bot.html)"
66.249.70.193 - - [17/Feb/2026:02:57:47 -0500] "GET /apps/store.php/ipl%20t20%20cricket%20live- HTTP/1.1" 500 - "-" "Mozilla/5.0 (Linux; Android 6.0.1; Nexus 5X Build/MMB29P) AppleWebKit/537.36 (KHTML, like Gecko) Chrome/144.0.7559.132 Mobile Safari/537.36 (compatible; Googlebot/2.1; +http://www.google.com/bot.html)"
66.249.70.193 - - [17/Feb/2026:02:57:54 -0500] "GET /apps/store.php/water%20vortex%20game- HTTP/1.1" 500 - "-" "Mozilla/5.0 (compatible; Googlebot/2.1; +http://www.google.com/bot.html)"
66.249.70.192 - - [17/Feb/2026:02:58:33 -0500] "GET /apps/store.php/volleyball%20game- HTTP/1.1" 500 - "-" "Mozilla/5.0 (Linux; Android 6.0.1; Nexus 5X Build/MMB29P) AppleWebKit/537.36 (KHTML, like Gecko) Chrome/144.0.7559.132 Mobile Safari/537.36 (compatible; Googlebot/2.1; +http://www.google.com/bot.html)"
66.249.70.192 - - [17/Feb/2026:02:59:18 -0500] "GET /apps/store.php/instant%20play%20no%20deposit%20bonus%20casinos- HTTP/1.1" 500 - "-" "Mozilla/5.0 (Linux; Android 6.0.1; Nexus 5X Build/MMB29P) AppleWebKit/537.36 (KHTML, like Gecko) Chrome/144.0.7559.132 Mobile Safari/537.36 (compatible; Googlebot/2.1; +http://www.google.com/bot.html)"
66.249.70.192 - - [17/Feb/2026:03:00:34 -0500] "GET /apps/store.php/free%20slots%20win%20real%20cash- HTTP/1.1" 500 - "-" "Mozilla/5.0 (compatible; Googlebot/2.1; +http://www.google.com/bot.html)"
66.249.70.194 - - [17/Feb/2026:03:01:06 -0500] "GET /apps/store.php/jili%20game%20test- HTTP/1.1" 500 - "-" "Mozilla/5.0 (Linux; Android 6.0.1; Nexus 5X Build/MMB29P) AppleWebKit/537.36 (KHTML, like Gecko) Chrome/144.0.7559.132 Mobile Safari/537.36 (compatible; Googlebot/2.1; +http://www.google.com/bot.html)"
66.249.70.192 - - [17/Feb/2026:03:01:11 -0500] "GET /apps/store.php/ZEUS%20KING%20OF%20OLYMPUS- HTTP/1.1" 500 - "-" "Mozilla/5.0 (Linux; Android 6.0.1; Nexus 5X Build/MMB29P) AppleWebKit/537.36 (KHTML, like Gecko) Chrome/144.0.7559.132 Mobile Safari/537.36 (compatible; Googlebot/2.1; +http://www.google.com/bot.html)"
49.34.101.177 - - [17/Feb/2026:03:01:14 -0500] "GET /apps/store.php/master%20app HTTP/1.1" 302 - "-" "Mozilla/5.0 (Linux; Android 10; K) AppleWebKit/537.36 (KHTML, like Gecko) Chrome/143.0.0.0 Mobile Safari/537.36"
66.249.70.192 - - [17/Feb/2026:03:01:36 -0500] "GET /apps/store.php/predictor%20aviator%20creator.apk- HTTP/1.1" 500 - "-" "Mozilla/5.0 (Linux; Android 6.0.1; Nexus 5X Build/MMB29P) AppleWebKit/537.36 (KHTML, like Gecko) Chrome/144.0.7559.132 Mobile Safari/537.36 (compatible; Googlebot/2.1; +http://www.google.com/bot.html)"
200.30.200.93 - - [17/Feb/2026:03:01:46 -0500] "GET http://critatp.in/apps/store.php/Delhi%20satta%20king%20ki%20khabar HTTP/1.1" 302 - "http://critatp.in/" "Mozilla/5.0 (Macintosh; Intel Mac OS X 10_15_7) AppleWebKit/537.36 (KHTML, like Gecko) Chrome/134.0.0.0 Safari/537.36"
66.249.70.192 - - [17/Feb/2026:03:02:04 -0500] "GET /apps/store.php/Robo%20dice- HTTP/1.1" 500 - "-" "Mozilla/5.0 (Linux; Android 6.0.1; Nexus 5X Build/MMB29P) AppleWebKit/537.36 (KHTML, like Gecko) Chrome/144.0.7559.132 Mobile Safari/537.36 (compatible; Googlebot/2.1; +http://www.google.com/bot.html)"
66.249.70.192 - - [17/Feb/2026:03:02:05 -0500] "GET /apps/store.php/Golden%20Empire%202 HTTP/1.1" 500 - "-" "Mozilla/5.0 (Linux; Android 6.0.1; Nexus 5X Build/MMB29P) AppleWebKit/537.36 (KHTML, like Gecko) Chrome/144.0.7559.132 Mobile Safari/537.36 (compatible; Googlebot/2.1; +http://www.google.com/bot.html)"
66.249.70.193 - - [17/Feb/2026:03:02:33 -0500] "GET /apps/store.php/satta%20king%20satta%20khabar- HTTP/1.1" 500 - "-" "Mozilla/5.0 (Linux; Android 6.0.1; Nexus 5X Build/MMB29P) AppleWebKit/537.36 (KHTML, like Gecko) Chrome/144.0.7559.132 Mobile Safari/537.36 (compatible; Googlebot/2.1; +http://www.google.com/bot.html)"
66.249.70.192 - - [17/Feb/2026:03:02:49 -0500] "GET /apps/store.php/Super%20Niubi- HTTP/1.1" 500 - "-" "Mozilla/5.0 (compatible; Googlebot/2.1; +http://www.google.com/bot.html)"
66.249.70.192 - - [17/Feb/2026:03:03:09 -0500] "GET /apps/store.php/russian%20roulette%20game%20logic- HTTP/1.1" 500 - "-" "Mozilla/5.0 (Linux; Android 6.0.1; Nexus 5X Build/MMB29P) AppleWebKit/537.36 (KHTML, like Gecko) Chrome/144.0.7559.132 Mobile Safari/537.36 (compatible; Googlebot/2.1; +http://www.google.com/bot.html)"
66.249.70.192 - - [17/Feb/2026:03:03:51 -0500] "GET /apps/store.php/nefertiti%20slot%20machine- HTTP/1.1" 500 - "-" "Mozilla/5.0 (compatible; Googlebot/2.1; +http://www.google.com/bot.html)"
66.249.70.192 - - [17/Feb/2026:03:04:15 -0500] "GET /apps/store.php/rummy- HTTP/1.1" 500 - "-" "Mozilla/5.0 (Linux; Android 6.0.1; Nexus 5X Build/MMB29P) AppleWebKit/537.36 (KHTML, like Gecko) Chrome/144.0.7559.132 Mobile Safari/537.36 (compatible; Googlebot/2.1; +http://www.google.com/bot.html)"
66.249.70.192 - - [17/Feb/2026:03:04:15 -0500] "GET /apps/store.php/slotting%20fees- HTTP/1.1" 500 - "-" "Mozilla/5.0 (Linux; Android 6.0.1; Nexus 5X Build/MMB29P) AppleWebKit/537.36 (KHTML, like Gecko) Chrome/144.0.7559.132 Mobile Safari/537.36 (compatible; Googlebot/2.1; +http://www.google.com/bot.html)"
66.249.70.192 - - [17/Feb/2026:03:04:53 -0500] "GET /apps/store.php/875club- HTTP/1.1" 500 - "-" "Mozilla/5.0 (Linux; Android 6.0.1; Nexus 5X Build/MMB29P) AppleWebKit/537.36 (KHTML, like Gecko) Chrome/144.0.7559.132 Mobile Safari/537.36 (compatible; Googlebot/2.1; +http://www.google.com/bot.html)"
66.249.70.192 - - [17/Feb/2026:03:04:56 -0500] "GET /apps/store.php/tap%20slots%20free%20casino%20slot%20machines- HTTP/1.1" 500 - "-" "Mozilla/5.0 (Linux; Android 6.0.1; Nexus 5X Build/MMB29P) AppleWebKit/537.36 (KHTML, like Gecko) Chrome/144.0.7559.132 Mobile Safari/537.36 (compatible; Googlebot/2.1; +http://www.google.com/bot.html)"
66.249.70.192 - - [17/Feb/2026:03:05:54 -0500] "GET /apps/store.php/game%20king%20roulette%20download- HTTP/1.1" 500 - "-" "Mozilla/5.0 (Linux; Android 6.0.1; Nexus 5X Build/MMB29P) AppleWebKit/537.36 (KHTML, like Gecko) Chrome/144.0.7559.132 Mobile Safari/537.36 (compatible; Googlebot/2.1; +http://www.google.com/bot.html)"
66.249.70.192 - - [17/Feb/2026:03:05:55 -0500] "GET /apps/store.php/bv%20casino- HTTP/1.1" 500 - "-" "Mozilla/5.0 (Linux; Android 6.0.1; Nexus 5X Build/MMB29P) AppleWebKit/537.36 (KHTML, like Gecko) Chrome/144.0.7559.132 Mobile Safari/537.36 (compatible; Googlebot/2.1; +http://www.google.com/bot.html)"
66.249.70.192 - - [17/Feb/2026:03:06:34 -0500] "GET /apps/store.php/matka%20satta%20madhur%20bazar- HTTP/1.1" 500 - "-" "Mozilla/5.0 (compatible; Googlebot/2.1; +http://www.google.com/bot.html)"
66.249.70.192 - - [17/Feb/2026:03:06:47 -0500] "GET /apps/store.php/GuGuGu- HTTP/1.1" 500 - "-" "Mozilla/5.0 (Linux; Android 6.0.1; Nexus 5X Build/MMB29P) AppleWebKit/537.36 (KHTML, like Gecko) Chrome/144.0.7559.132 Mobile Safari/537.36 (compatible; Googlebot/2.1; +http://www.google.com/bot.html)"
66.249.70.192 - - [17/Feb/2026:03:06:57 -0500] "GET /apps/store.php/free%20online%20poker%20reddit- HTTP/1.1" 500 - "-" "Mozilla/5.0 (Linux; Android 6.0.1; Nexus 5X Build/MMB29P) AppleWebKit/537.36 (KHTML, like Gecko) Chrome/144.0.7559.132 Mobile Safari/537.36 (compatible; Googlebot/2.1; +http://www.google.com/bot.html)"
66.249.70.194 - - [17/Feb/2026:03:07:08 -0500] "GET /apps/store.php/wheely%204%20games%20poki- HTTP/1.1" 500 - "-" "Mozilla/5.0 (Linux; Android 6.0.1; Nexus 5X Build/MMB29P) AppleWebKit/537.36 (KHTML, like Gecko) Chrome/144.0.7559.132 Mobile Safari/537.36 (compatible; Googlebot/2.1; +http://www.google.com/bot.html)"
66.249.70.193 - - [17/Feb/2026:03:07:32 -0500] "GET /apps/store.php/crazy%20com- HTTP/1.1" 500 - "-" "Mozilla/5.0 (compatible; Googlebot/2.1; +http://www.google.com/bot.html)"
66.249.70.192 - - [17/Feb/2026:03:08:39 -0500] "GET /apps/store.php/Glamorous%20Girl- HTTP/1.1" 500 - "-" "Mozilla/5.0 (Linux; Android 6.0.1; Nexus 5X Build/MMB29P) AppleWebKit/537.36 (KHTML, like Gecko) Chrome/144.0.7559.132 Mobile Safari/537.36 (compatible; Googlebot/2.1; +http://www.google.com/bot.html)"
66.249.70.192 - - [17/Feb/2026:03:08:41 -0500] "GET /apps/store.php/tne%20sports%20fantasy- HTTP/1.1" 500 - "-" "Mozilla/5.0 (compatible; Googlebot/2.1; +http://www.google.com/bot.html)"
66.249.70.192 - - [17/Feb/2026:03:08:50 -0500] "GET /apps/store.php/cricket%20live%20score%20t20%20world%20cup- HTTP/1.1" 500 - "-" "Mozilla/5.0 (Linux; Android 6.0.1; Nexus 5X Build/MMB29P) AppleWebKit/537.36 (KHTML, like Gecko) Chrome/144.0.7559.132 Mobile Safari/537.36 (compatible; Googlebot/2.1; +http://www.google.com/bot.html)"
66.249.70.192 - - [17/Feb/2026:03:08:52 -0500] "GET /apps/store.php/online%20games%2077- HTTP/1.1" 500 - "-" "Mozilla/5.0 (compatible; Googlebot/2.1; +http://www.google.com/bot.html)"
66.249.70.192 - - [17/Feb/2026:03:08:57 -0500] "GET /apps/store.php/HALLOWEEN- HTTP/1.1" 500 - "-" "Mozilla/5.0 (compatible; Googlebot/2.1; +http://www.google.com/bot.html)"
66.249.70.194 - - [17/Feb/2026:03:09:05 -0500] "GET /apps/store.php/slot%20machine%20ringtones%20iphone- HTTP/1.1" 500 - "-" "Mozilla/5.0 (Linux; Android 6.0.1; Nexus 5X Build/MMB29P) AppleWebKit/537.36 (KHTML, like Gecko) Chrome/144.0.7559.132 Mobile Safari/537.36 (compatible; Googlebot/2.1; +http://www.google.com/bot.html)"
66.249.70.193 - - [17/Feb/2026:03:09:10 -0500] "GET /apps/store.php/udane%20wala%20apps HTTP/1.1" 500 - "-" "Mozilla/5.0 (Linux; Android 6.0.1; Nexus 5X Build/MMB29P) AppleWebKit/537.36 (KHTML, like Gecko) Chrome/144.0.7559.132 Mobile Safari/537.36 (compatible; Googlebot/2.1; +http://www.google.com/bot.html)"
66.249.70.192 - - [17/Feb/2026:03:09:35 -0500] "GET /apps/store.php/888%20slot%20machine- HTTP/1.1" 500 - "-" "Mozilla/5.0 (Linux; Android 6.0.1; Nexus 5X Build/MMB29P) AppleWebKit/537.36 (KHTML, like Gecko) Chrome/144.0.7559.132 Mobile Safari/537.36 (compatible; Googlebot/2.1; +http://www.google.com/bot.html)"
66.249.70.194 - - [17/Feb/2026:03:10:12 -0500] "GET /apps/store.php/Monster%20Blast- HTTP/1.1" 500 - "-" "Mozilla/5.0 (compatible; Googlebot/2.1; +http://www.google.com/bot.html)"
66.249.70.193 - - [17/Feb/2026:03:10:41 -0500] "GET /apps/store.php/horse%20games- HTTP/1.1" 500 - "-" "Mozilla/5.0 (compatible; Googlebot/2.1; +http://www.google.com/bot.html)"
66.249.70.193 - - [17/Feb/2026:03:10:42 -0500] "GET /apps/store.php/mo1- HTTP/1.1" 500 - "-" "Mozilla/5.0 (Linux; Android 6.0.1; Nexus 5X Build/MMB29P) AppleWebKit/537.36 (KHTML, like Gecko) Chrome/144.0.7559.132 Mobile Safari/537.36 (compatible; Googlebot/2.1; +http://www.google.com/bot.html)"
66.249.70.194 - - [17/Feb/2026:03:11:01 -0500] "GET /apps/store.php/how%20to%20play%20flash%20card%20game- HTTP/1.1" 500 - "-" "Mozilla/5.0 (Linux; Android 6.0.1; Nexus 5X Build/MMB29P) AppleWebKit/537.36 (KHTML, like Gecko) Chrome/144.0.7559.132 Mobile Safari/537.36 (compatible; Googlebot/2.1; +http://www.google.com/bot.html)"
66.249.70.192 - - [17/Feb/2026:03:12:16 -0500] "GET /apps/store.php/Online%20Betting%20Site HTTP/1.1" 500 - "-" "Mozilla/5.0 (Linux; Android 6.0.1; Nexus 5X Build/MMB29P) AppleWebKit/537.36 (KHTML, like Gecko) Chrome/144.0.7559.132 Mobile Safari/537.36 (compatible; Googlebot/2.1; +http://www.google.com/bot.html)"
66.249.70.192 - - [17/Feb/2026:03:12:17 -0500] "GET /apps/store.php/bhutan%20lottery%20result%207pm- HTTP/1.1" 500 - "-" "Mozilla/5.0 (Linux; Android 6.0.1; Nexus 5X Build/MMB29P) AppleWebKit/537.36 (KHTML, like Gecko) Chrome/144.0.7559.132 Mobile Safari/537.36 (compatible; Googlebot/2.1; +http://www.google.com/bot.html)"
66.249.70.192 - - [17/Feb/2026:03:12:29 -0500] "GET /apps/store.php/free%20football%20betting%20tips%20mathematical- HTTP/1.1" 500 - "-" "Mozilla/5.0 (compatible; Googlebot/2.1; +http://www.google.com/bot.html)"
66.249.70.193 - - [17/Feb/2026:03:13:00 -0500] "GET /apps/store.php/super%20ace%2045- HTTP/1.1" 500 - "-" "Mozilla/5.0 (Linux; Android 6.0.1; Nexus 5X Build/MMB29P) AppleWebKit/537.36 (KHTML, like Gecko) Chrome/144.0.7559.132 Mobile Safari/537.36 (compatible; Googlebot/2.1; +http://www.google.com/bot.html)"
66.249.70.192 - - [17/Feb/2026:03:14:01 -0500] "GET /apps/store.php/Mount%20Airy%20Casino%20Poker%20Room- HTTP/1.1" 500 - "-" "Mozilla/5.0 (Linux; Android 6.0.1; Nexus 5X Build/MMB29P) AppleWebKit/537.36 (KHTML, like Gecko) Chrome/144.0.7559.132 Mobile Safari/537.36 (compatible; Googlebot/2.1; +http://www.google.com/bot.html)"
66.249.70.192 - - [17/Feb/2026:03:14:10 -0500] "GET /apps/store.php/paisa%20ka%20game- HTTP/1.1" 500 - "-" "Mozilla/5.0 (Linux; Android 6.0.1; Nexus 5X Build/MMB29P) AppleWebKit/537.36 (KHTML, like Gecko) Chrome/144.0.7559.132 Mobile Safari/537.36 (compatible; Googlebot/2.1; +http://www.google.com/bot.html)"
66.249.70.192 - - [17/Feb/2026:03:14:21 -0500] "GET /apps/store.php/bdg%20game%20101- HTTP/1.1" 500 - "-" "Mozilla/5.0 (Linux; Android 6.0.1; Nexus 5X Build/MMB29P) AppleWebKit/537.36 (KHTML, like Gecko) Chrome/144.0.7559.132 Mobile Safari/537.36 (compatible; Googlebot/2.1; +http://www.google.com/bot.html)"
66.249.70.192 - - [17/Feb/2026:03:14:27 -0500] "GET /apps/store.php/online%20slot%20bonus%20ohne%20einzahlung- HTTP/1.1" 500 - "-" "Mozilla/5.0 (Linux; Android 6.0.1; Nexus 5X Build/MMB29P) AppleWebKit/537.36 (KHTML, like Gecko) Chrome/144.0.7559.132 Mobile Safari/537.36 (compatible; Googlebot/2.1; +http://www.google.com/bot.html)"
66.249.70.192 - - [17/Feb/2026:03:15:05 -0500] "GET /apps/store.php/acche%20acche%20game- HTTP/1.1" 500 - "-" "Mozilla/5.0 (compatible; Googlebot/2.1; +http://www.google.com/bot.html)"
66.249.70.192 - - [17/Feb/2026:03:15:13 -0500] "GET /apps/store.php/aviator%20world- HTTP/1.1" 500 - "-" "Mozilla/5.0 (Linux; Android 6.0.1; Nexus 5X Build/MMB29P) AppleWebKit/537.36 (KHTML, like Gecko) Chrome/144.0.7559.132 Mobile Safari/537.36 (compatible; Googlebot/2.1; +http://www.google.com/bot.html)"
66.249.70.194 - - [17/Feb/2026:03:16:19 -0500] "GET /apps/store.php/kerala%20lottery%20result%20today%206pml- HTTP/1.1" 500 - "-" "Mozilla/5.0 (compatible; Googlebot/2.1; +http://www.google.com/bot.html)"
66.249.70.192 - - [17/Feb/2026:03:16:30 -0500] "GET /apps/store.php/Crazy%20Crazy- HTTP/1.1" 500 - "-" "Mozilla/5.0 (Linux; Android 6.0.1; Nexus 5X Build/MMB29P) AppleWebKit/537.36 (KHTML, like Gecko) Chrome/144.0.7559.132 Mobile Safari/537.36 (compatible; Googlebot/2.1; +http://www.google.com/bot.html)"
66.249.70.193 - - [17/Feb/2026:03:16:33 -0500] "GET /apps/store.php/extra%20chili%20slot%20machine- HTTP/1.1" 500 - "-" "Mozilla/5.0 (Linux; Android 6.0.1; Nexus 5X Build/MMB29P) AppleWebKit/537.36 (KHTML, like Gecko) Chrome/144.0.7559.132 Mobile Safari/537.36 (compatible; Googlebot/2.1; +http://www.google.com/bot.html)"
66.249.70.192 - - [17/Feb/2026:03:16:57 -0500] "GET /apps/store.php/best%20online%20casino%20slots- HTTP/1.1" 500 - "-" "Mozilla/5.0 (compatible; Googlebot/2.1; +http://www.google.com/bot.html)"
66.249.70.192 - - [17/Feb/2026:03:16:59 -0500] "GET /apps/store.php/stake.pet%20casino- HTTP/1.1" 500 - "-" "Mozilla/5.0 (Linux; Android 6.0.1; Nexus 5X Build/MMB29P) AppleWebKit/537.36 (KHTML, like Gecko) Chrome/144.0.7559.132 Mobile Safari/537.36 (compatible; Googlebot/2.1; +http://www.google.com/bot.html)"
66.249.70.192 - - [17/Feb/2026:03:17:19 -0500] "GET /apps/store.php/criteria%20for%20number%20of%20slot%20in%20induction%20machine- HTTP/1.1" 500 - "-" "Mozilla/5.0 (Linux; Android 6.0.1; Nexus 5X Build/MMB29P) AppleWebKit/537.36 (KHTML, like Gecko) Chrome/144.0.7559.132 Mobile Safari/537.36 (compatible; Googlebot/2.1; +http://www.google.com/bot.html)"
66.249.70.193 - - [17/Feb/2026:03:18:00 -0500] "GET /apps/store.php/time%20bazar%20matka%20guessing%20number- HTTP/1.1" 500 - "-" "Mozilla/5.0 (compatible; Googlebot/2.1; +http://www.google.com/bot.html)"
66.249.70.193 - - [17/Feb/2026:03:18:40 -0500] "GET /apps/store.php/Flying%20Cai%20Shen- HTTP/1.1" 500 - "-" "Mozilla/5.0 (Linux; Android 6.0.1; Nexus 5X Build/MMB29P) AppleWebKit/537.36 (KHTML, like Gecko) Chrome/144.0.7559.132 Mobile Safari/537.36 (compatible; Googlebot/2.1; +http://www.google.com/bot.html)"
66.249.70.193 - - [17/Feb/2026:03:18:43 -0500] "GET /apps/store.php/come%20vincere%20alle%20slot%20online- HTTP/1.1" 500 - "-" "Mozilla/5.0 (compatible; Googlebot/2.1; +http://www.google.com/bot.html)"
66.249.70.192 - - [17/Feb/2026:03:18:47 -0500] "GET /apps/store.php/betfair%20best%20bets- HTTP/1.1" 500 - "-" "Googlebot-Image/1.0"
66.249.70.192 - - [17/Feb/2026:03:18:47 -0500] "GET /apps/store.php/GOLDEN%20JADE- HTTP/1.1" 500 - "-" "Mozilla/5.0 (Linux; Android 6.0.1; Nexus 5X Build/MMB29P) AppleWebKit/537.36 (KHTML, like Gecko) Chrome/144.0.7559.132 Mobile Safari/537.36 (compatible; Googlebot/2.1; +http://www.google.com/bot.html)"
66.249.70.192 - - [17/Feb/2026:03:19:17 -0500] "GET /apps/store.php/truck%20wali%20game%20aa%20jaaye- HTTP/1.1" 500 - "-" "Mozilla/5.0 (Linux; Android 6.0.1; Nexus 5X Build/MMB29P) AppleWebKit/537.36 (KHTML, like Gecko) Chrome/144.0.7559.132 Mobile Safari/537.36 (compatible; Googlebot/2.1; +http://www.google.com/bot.html)"
66.249.70.192 - - [17/Feb/2026:03:20:12 -0500] "GET /apps/store.php/mecca%20bingo%20online%20sign%20in- HTTP/1.1" 500 - "-" "Mozilla/5.0 (compatible; Googlebot/2.1; +http://www.google.com/bot.html)"
66.249.70.192 - - [17/Feb/2026:03:20:13 -0500] "GET /apps/store.php/harrah's%20metropolis%20slot%20machines- HTTP/1.1" 500 - "-" "Mozilla/5.0 (Linux; Android 6.0.1; Nexus 5X Build/MMB29P) AppleWebKit/537.36 (KHTML, like Gecko) Chrome/144.0.7559.132 Mobile Safari/537.36 (compatible; Googlebot/2.1; +http://www.google.com/bot.html)"
66.249.70.192 - - [17/Feb/2026:03:20:29 -0500] "GET /apps/store.php/smart%20cricket%20live%20score- HTTP/1.1" 500 - "-" "Mozilla/5.0 (compatible; Googlebot/2.1; +http://www.google.com/bot.html)"
66.249.70.192 - - [17/Feb/2026:03:20:32 -0500] "GET /apps/store.php/Plinko%20AZTEC- HTTP/1.1" 500 - "-" "Mozilla/5.0 (Linux; Android 6.0.1; Nexus 5X Build/MMB29P) AppleWebKit/537.36 (KHTML, like Gecko) Chrome/144.0.7559.132 Mobile Safari/537.36 (compatible; Googlebot/2.1; +http://www.google.com/bot.html)"
66.249.70.192 - - [17/Feb/2026:03:20:46 -0500] "GET /apps/store.php/valor%20chicken%20road%20game- HTTP/1.1" 500 - "-" "Mozilla/5.0 (Linux; Android 6.0.1; Nexus 5X Build/MMB29P) AppleWebKit/537.36 (KHTML, like Gecko) Chrome/144.0.7559.132 Mobile Safari/537.36 (compatible; Googlebot/2.1; +http://www.google.com/bot.html)"
66.249.70.194 - - [17/Feb/2026:03:24:01 -0500] "GET /apps/store.php/bdg%20game%20owner%20name%20in%20india- HTTP/1.1" 500 - "-" "Mozilla/5.0 (compatible; Googlebot/2.1; +http://www.google.com/bot.html)"
66.249.70.192 - - [17/Feb/2026:03:24:43 -0500] "GET /apps/store.php/sattamobi- HTTP/1.1" 500 - "-" "Mozilla/5.0 (Linux; Android 6.0.1; Nexus 5X Build/MMB29P) AppleWebKit/537.36 (KHTML, like Gecko) Chrome/144.0.7559.132 Mobile Safari/537.36 (compatible; Googlebot/2.1; +http://www.google.com/bot.html)"
66.249.70.192 - - [17/Feb/2026:03:24:45 -0500] "GET /apps/store.php/God%20Of%20Chess- HTTP/1.1" 500 - "-" "Mozilla/5.0 (Linux; Android 6.0.1; Nexus 5X Build/MMB29P) AppleWebKit/537.36 (KHTML, like Gecko) Chrome/144.0.7559.132 Mobile Safari/537.36 (compatible; Googlebot/2.1; +http://www.google.com/bot.html)"
66.249.70.192 - - [17/Feb/2026:03:25:36 -0500] "GET /apps/store.php/Delhi%20all%20new%20bingo%20games HTTP/1.1" 500 - "-" "Mozilla/5.0 (compatible; Googlebot/2.1; +http://www.google.com/bot.html)"
66.249.70.192 - - [17/Feb/2026:03:26:09 -0500] "GET /apps/store.php/pc%20game%202000- HTTP/1.1" 500 - "-" "Mozilla/5.0 (compatible; Googlebot/2.1; +http://www.google.com/bot.html)"
66.249.70.192 - - [17/Feb/2026:03:26:40 -0500] "GET /apps/store.php/Win%20Cash%20at%20Online%20Casino HTTP/1.1" 500 - "-" "Mozilla/5.0 (Linux; Android 6.0.1; Nexus 5X Build/MMB29P) AppleWebKit/537.36 (KHTML, like Gecko) Chrome/144.0.7559.132 Mobile Safari/537.36 (compatible; Googlebot/2.1; +http://www.google.com/bot.html)"
66.249.70.193 - - [17/Feb/2026:03:27:08 -0500] "GET /apps/store.php/311%20jili%20super%20ace- HTTP/1.1" 500 - "-" "Mozilla/5.0 (Linux; Android 6.0.1; Nexus 5X Build/MMB29P) AppleWebKit/537.36 (KHTML, like Gecko) Chrome/144.0.7559.132 Mobile Safari/537.36 (compatible; Googlebot/2.1; +http://www.google.com/bot.html)"
66.249.70.193 - - [17/Feb/2026:03:27:33 -0500] "GET /apps/store.php/game%20hide%20app HTTP/1.1" 500 - "-" "Mozilla/5.0 (Linux; Android 6.0.1; Nexus 5X Build/MMB29P) AppleWebKit/537.36 (KHTML, like Gecko) Chrome/144.0.7559.132 Mobile Safari/537.36 (compatible; Googlebot/2.1; +http://www.google.com/bot.html)"
66.249.70.192 - - [17/Feb/2026:03:28:07 -0500] "GET /apps/store.php/online%20racing%20games- HTTP/1.1" 500 - "-" "Mozilla/5.0 (compatible; Googlebot/2.1; +http://www.google.com/bot.html)"
66.249.70.192 - - [17/Feb/2026:03:28:54 -0500] "GET /apps/store.php/indian%20night%20teer%20result- HTTP/1.1" 500 - "-" "Mozilla/5.0 (compatible; Googlebot/2.1; +http://www.google.com/bot.html)"
66.249.70.192 - - [17/Feb/2026:03:29:26 -0500] "GET /apps/store.php/singapore%20slot%20game- HTTP/1.1" 500 - "-" "Mozilla/5.0 (Linux; Android 6.0.1; Nexus 5X Build/MMB29P) AppleWebKit/537.36 (KHTML, like Gecko) Chrome/144.0.7559.132 Mobile Safari/537.36 (compatible; Googlebot/2.1; +http://www.google.com/bot.html)"
66.249.70.192 - - [17/Feb/2026:03:30:02 -0500] "GET /apps/store.php/is%20gambling%20good%20or%20bad HTTP/1.1" 500 - "-" "Mozilla/5.0 (Linux; Android 6.0.1; Nexus 5X Build/MMB29P) AppleWebKit/537.36 (KHTML, like Gecko) Chrome/144.0.7559.132 Mobile Safari/537.36 (compatible; Googlebot/2.1; +http://www.google.com/bot.html)"
66.249.70.192 - - [17/Feb/2026:03:30:04 -0500] "GET /apps/store.php/bet%20gulab%20sidhu- HTTP/1.1" 500 - "-" "Mozilla/5.0 (Linux; Android 6.0.1; Nexus 5X Build/MMB29P) AppleWebKit/537.36 (KHTML, like Gecko) Chrome/144.0.7559.132 Mobile Safari/537.36 (compatible; Googlebot/2.1; +http://www.google.com/bot.html)"
66.249.70.192 - - [17/Feb/2026:03:30:31 -0500] "GET /apps/store.php/Dear%20Lottery%2023%201%2025- HTTP/1.1" 500 - "-" "Mozilla/5.0 (Linux; Android 6.0.1; Nexus 5X Build/MMB29P) AppleWebKit/537.36 (KHTML, like Gecko) Chrome/144.0.7559.132 Mobile Safari/537.36 (compatible; Googlebot/2.1; +http://www.google.com/bot.html)"
66.249.70.192 - - [17/Feb/2026:03:30:33 -0500] "GET /apps/store.php/how%20to%20play%20casino%20slot%20machines- HTTP/1.1" 500 - "-" "Mozilla/5.0 (Linux; Android 6.0.1; Nexus 5X Build/MMB29P) AppleWebKit/537.36 (KHTML, like Gecko) Chrome/144.0.7559.132 Mobile Safari/537.36 (compatible; Googlebot/2.1; +http://www.google.com/bot.html)"
66.249.70.192 - - [17/Feb/2026:03:31:36 -0500] "GET /apps/store.php/Sin%20City- HTTP/1.1" 500 - "-" "Mozilla/5.0 (Linux; Android 6.0.1; Nexus 5X Build/MMB29P) AppleWebKit/537.36 (KHTML, like Gecko) Chrome/144.0.7559.132 Mobile Safari/537.36 (compatible; Googlebot/2.1; +http://www.google.com/bot.html)"
34.100.182.104 - - [17/Feb/2026:03:33:02 -0500] "GET /robots.txt HTTP/1.1" 500 - "-" "Mozilla/5.0 (compatible; Googlebot/2.1; +http://www.google.com/bot.html)"
66.249.70.193 - - [17/Feb/2026:03:33:08 -0500] "GET /apps/store.php/candolim%20deck- HTTP/1.1" 500 - "-" "Mozilla/5.0 (compatible; Googlebot/2.1; +http://www.google.com/bot.html)"
34.100.182.104 - - [17/Feb/2026:03:33:09 -0500] "GET /apps/store.php/candolim%20deck- HTTP/1.1" 500 - "-" "Mozilla/5.0 (compatible; Googlebot/2.1; +http://www.google.com/bot.html)"
66.249.70.192 - - [17/Feb/2026:03:33:11 -0500] "GET /apps/store.php/3%20reel%20slots%20online%20real%20money- HTTP/1.1" 500 - "-" "Mozilla/5.0 (Linux; Android 6.0.1; Nexus 5X Build/MMB29P) AppleWebKit/537.36 (KHTML, like Gecko) Chrome/144.0.7559.132 Mobile Safari/537.36 (compatible; Googlebot/2.1; +http://www.google.com/bot.html)"
66.249.70.192 - - [17/Feb/2026:03:34:33 -0500] "GET /apps/store.php/football%20betting%20tips%20india- HTTP/1.1" 500 - "-" "Mozilla/5.0 (Linux; Android 6.0.1; Nexus 5X Build/MMB29P) AppleWebKit/537.36 (KHTML, like Gecko) Chrome/144.0.7559.132 Mobile Safari/537.36 (compatible; Googlebot/2.1; +http://www.google.com/bot.html)"
66.249.70.192 - - [17/Feb/2026:03:34:51 -0500] "GET /apps/store.php/wms%20rome%20and%20egypt%20slot%20machine- HTTP/1.1" 500 - "-" "Mozilla/5.0 (compatible; Googlebot/2.1; +http://www.google.com/bot.html)"
66.249.70.193 - - [17/Feb/2026:03:35:01 -0500] "GET /apps/store.php/cricket%20online%20betting%20odds- HTTP/1.1" 500 - "-" "Mozilla/5.0 (Linux; Android 6.0.1; Nexus 5X Build/MMB29P) AppleWebKit/537.36 (KHTML, like Gecko) Chrome/144.0.7559.132 Mobile Safari/537.36 (compatible; Googlebot/2.1; +http://www.google.com/bot.html)"
66.249.70.193 - - [17/Feb/2026:03:35:59 -0500] "GET /apps/store.php/kiss%20slot%20machine%20for%20sale- HTTP/1.1" 500 - "-" "Mozilla/5.0 (compatible; Googlebot/2.1; +http://www.google.com/bot.html)"
66.249.70.194 - - [17/Feb/2026:03:36:06 -0500] "GET /apps/store.php/cricket%20link- HTTP/1.1" 500 - "-" "Mozilla/5.0 (Linux; Android 6.0.1; Nexus 5X Build/MMB29P) AppleWebKit/537.36 (KHTML, like Gecko) Chrome/144.0.7559.132 Mobile Safari/537.36 (compatible; Googlebot/2.1; +http://www.google.com/bot.html)"
66.249.70.192 - - [17/Feb/2026:03:36:14 -0500] "GET /apps/store.php/iq%20games- HTTP/1.1" 500 - "-" "Mozilla/5.0 (Linux; Android 6.0.1; Nexus 5X Build/MMB29P) AppleWebKit/537.36 (KHTML, like Gecko) Chrome/144.0.7559.132 Mobile Safari/537.36 (compatible; Googlebot/2.1; +http://www.google.com/bot.html)"
66.249.70.192 - - [17/Feb/2026:03:36:21 -0500] "GET /apps/store.php/online%20roulette%20number%20predictor- HTTP/1.1" 500 - "-" "Mozilla/5.0 (compatible; Googlebot/2.1; +http://www.google.com/bot.html)"
66.249.70.193 - - [17/Feb/2026:03:37:08 -0500] "GET /apps/store.php/puppy%20games%20poki HTTP/1.1" 500 - "-" "Mozilla/5.0 (Linux; Android 6.0.1; Nexus 5X Build/MMB29P) AppleWebKit/537.36 (KHTML, like Gecko) Chrome/144.0.7559.132 Mobile Safari/537.36 (compatible; Googlebot/2.1; +http://www.google.com/bot.html)"
66.249.70.193 - - [17/Feb/2026:03:37:10 -0500] "GET /apps/store.php/old%20vegas%20slots%20casino%20777%20login%20free%20chips- HTTP/1.1" 500 - "-" "Mozilla/5.0 (Linux; Android 6.0.1; Nexus 5X Build/MMB29P) AppleWebKit/537.36 (KHTML, like Gecko) Chrome/144.0.7559.132 Mobile Safari/537.36 (compatible; Googlebot/2.1; +http://www.google.com/bot.html)"
66.249.70.192 - - [17/Feb/2026:03:38:07 -0500] "GET /apps/store.php/netent%20slot%20games- HTTP/1.1" 500 - "-" "Mozilla/5.0 (compatible; Googlebot/2.1; +http://www.google.com/bot.html)"
66.249.70.192 - - [17/Feb/2026:03:38:17 -0500] "GET /apps/store.php/free%20casino%20slots%20no%20download- HTTP/1.1" 500 - "-" "Mozilla/5.0 (Linux; Android 6.0.1; Nexus 5X Build/MMB29P) AppleWebKit/537.36 (KHTML, like Gecko) Chrome/144.0.7559.132 Mobile Safari/537.36 (compatible; Googlebot/2.1; +http://www.google.com/bot.html)"
157.32.215.74 - - [17/Feb/2026:03:39:03 -0500] "GET /apps/store.php/%E0%A4%9A%E0%A4%95%E0%A5%8D%E0%A4%95 HTTP/1.1" 302 - "https://www.google.com/" "Mozilla/5.0 (Linux; Android 10; K) AppleWebKit/537.36 (KHTML, like Gecko) Chrome/144.0.0.0 Mobile Safari/537.36"
66.249.70.192 - - [17/Feb/2026:03:39:12 -0500] "GET /apps/store.php/aviator%20game%20sign%20up%20bonus- HTTP/1.1" 500 - "-" "Mozilla/5.0 (Linux; Android 6.0.1; Nexus 5X Build/MMB29P) AppleWebKit/537.36 (KHTML, like Gecko) Chrome/144.0.7559.132 Mobile Safari/537.36 (compatible; Googlebot/2.1; +http://www.google.com/bot.html)"
66.249.70.192 - - [17/Feb/2026:03:39:25 -0500] "GET /apps/store.php/Bet%20Big%20Dollar%20Bonus%20Code- HTTP/1.1" 500 - "-" "Mozilla/5.0 (Linux; Android 6.0.1; Nexus 5X Build/MMB29P) AppleWebKit/537.36 (KHTML, like Gecko) Chrome/144.0.7559.132 Mobile Safari/537.36 (compatible; Googlebot/2.1; +http://www.google.com/bot.html)"
66.249.70.194 - - [17/Feb/2026:03:41:32 -0500] "GET /apps/store.php/slot%20machine%20free%20spins- HTTP/1.1" 500 - "-" "Mozilla/5.0 (Linux; Android 6.0.1; Nexus 5X Build/MMB29P) AppleWebKit/537.36 (KHTML, like Gecko) Chrome/144.0.7559.132 Mobile Safari/537.36 (compatible; Googlebot/2.1; +http://www.google.com/bot.html)"
66.249.70.192 - - [17/Feb/2026:03:42:54 -0500] "GET /apps/store.php/how%20to%20make%20a%20blackjack%20game- HTTP/1.1" 500 - "-" "Mozilla/5.0 (Linux; Android 6.0.1; Nexus 5X Build/MMB29P) AppleWebKit/537.36 (KHTML, like Gecko) Chrome/144.0.7559.132 Mobile Safari/537.36 (compatible; Googlebot/2.1; +http://www.google.com/bot.html)"
66.249.70.192 - - [17/Feb/2026:03:43:13 -0500] "GET /apps/store.php/aa%20game%20online%20free- HTTP/1.1" 500 - "-" "Mozilla/5.0 (compatible; Googlebot/2.1; +http://www.google.com/bot.html)"
66.249.70.192 - - [17/Feb/2026:03:43:20 -0500] "GET /apps/store.php/World%20Cup%20Russia2018- HTTP/1.1" 500 - "-" "Mozilla/5.0 (compatible; Googlebot/2.1; +http://www.google.com/bot.html)"
66.249.70.192 - - [17/Feb/2026:03:43:21 -0500] "GET /apps/store.php/poki%20punching%20games- HTTP/1.1" 500 - "-" "Mozilla/5.0 (Linux; Android 6.0.1; Nexus 5X Build/MMB29P) AppleWebKit/537.36 (KHTML, like Gecko) Chrome/144.0.7559.132 Mobile Safari/537.36 (compatible; Googlebot/2.1; +http://www.google.com/bot.html)"
66.249.70.192 - - [17/Feb/2026:03:43:26 -0500] "GET /apps/store.php/live%20cricket%20match%20today%20live%20streaming- HTTP/1.1" 500 - "-" "Mozilla/5.0 (Linux; Android 6.0.1; Nexus 5X Build/MMB29P) AppleWebKit/537.36 (KHTML, like Gecko) Chrome/144.0.7559.132 Mobile Safari/537.36 (compatible; Googlebot/2.1; +http://www.google.com/bot.html)"
66.249.70.192 - - [17/Feb/2026:03:43:28 -0500] "GET /apps/store.php/tiranga%20colour%20prediction%20login- HTTP/1.1" 500 - "-" "Mozilla/5.0 (Linux; Android 6.0.1; Nexus 5X Build/MMB29P) AppleWebKit/537.36 (KHTML, like Gecko) Chrome/144.0.7559.132 Mobile Safari/537.36 (compatible; Googlebot/2.1; +http://www.google.com/bot.html)"
27.60.191.50 - - [17/Feb/2026:03:43:51 -0500] "GET /apps/store.php/satta%20matka%20kolkata%20fatafat%20result HTTP/1.1" 302 - "-" "Mozilla/5.0 (Linux; Android 10; K) AppleWebKit/537.36 (KHTML, like Gecko) Chrome/141.0.0.0 Mobile Safari/537.36"
66.249.70.192 - - [17/Feb/2026:03:44:10 -0500] "GET /apps/store.php/free%20slot%20games%20for%20fun%20no%20download%20no%20registration- HTTP/1.1" 500 - "-" "Mozilla/5.0 (compatible; Googlebot/2.1; +http://www.google.com/bot.html)"
66.249.70.192 - - [17/Feb/2026:03:44:57 -0500] "GET /apps/store.php/Delhi%20poki%20granny%20game HTTP/1.1" 500 - "-" "Mozilla/5.0 (compatible; Googlebot/2.1; +http://www.google.com/bot.html)"
66.249.70.192 - - [17/Feb/2026:03:45:48 -0500] "GET /apps/store.php/satty HTTP/1.1" 500 - "-" "Mozilla/5.0 (Linux; Android 6.0.1; Nexus 5X Build/MMB29P) AppleWebKit/537.36 (KHTML, like Gecko) Chrome/144.0.7559.132 Mobile Safari/537.36 (compatible; Googlebot/2.1; +http://www.google.com/bot.html)"
66.249.70.192 - - [17/Feb/2026:03:45:52 -0500] "GET /apps/store.php/canadian%20slot%20machines- HTTP/1.1" 500 - "-" "Mozilla/5.0 (compatible; Googlebot/2.1; +http://www.google.com/bot.html)"
66.249.70.192 - - [17/Feb/2026:03:45:55 -0500] "GET /apps/store.php/buff%20game- HTTP/1.1" 500 - "-" "Mozilla/5.0 (compatible; Googlebot/2.1; +http://www.google.com/bot.html)"
66.249.70.192 - - [17/Feb/2026:03:46:04 -0500] "GET /apps/store.php/fishing%20slot%20game- HTTP/1.1" 500 - "-" "Mozilla/5.0 (Linux; Android 6.0.1; Nexus 5X Build/MMB29P) AppleWebKit/537.36 (KHTML, like Gecko) Chrome/144.0.7559.132 Mobile Safari/537.36 (compatible; Googlebot/2.1; +http://www.google.com/bot.html)"
66.249.70.192 - - [17/Feb/2026:03:46:09 -0500] "GET /apps/store.php/win%20cash%20slots- HTTP/1.1" 500 - "-" "Mozilla/5.0 (compatible; Googlebot/2.1; +http://www.google.com/bot.html)"
66.249.70.192 - - [17/Feb/2026:03:46:20 -0500] "GET /apps/store.php/slots%20million%20bonus- HTTP/1.1" 500 - "-" "Mozilla/5.0 (Linux; Android 6.0.1; Nexus 5X Build/MMB29P) AppleWebKit/537.36 (KHTML, like Gecko) Chrome/144.0.7559.132 Mobile Safari/537.36 (compatible; Googlebot/2.1; +http://www.google.com/bot.html)"
66.249.70.192 - - [17/Feb/2026:03:47:05 -0500] "GET /apps/store.php/night%20milan%20ka%20satta%20matka- HTTP/1.1" 500 - "-" "Mozilla/5.0 (Linux; Android 6.0.1; Nexus 5X Build/MMB29P) AppleWebKit/537.36 (KHTML, like Gecko) Chrome/144.0.7559.132 Mobile Safari/537.36 (compatible; Googlebot/2.1; +http://www.google.com/bot.html)"
66.249.70.192 - - [17/Feb/2026:03:47:39 -0500] "GET /apps/store.php/satta%20bazar%20milan%20day- HTTP/1.1" 500 - "-" "Mozilla/5.0 (compatible; Googlebot/2.1; +http://www.google.com/bot.html)"
66.249.70.192 - - [17/Feb/2026:03:47:40 -0500] "GET /apps/store.php/Forest%20Arrow- HTTP/1.1" 500 - "-" "Mozilla/5.0 (compatible; Googlebot/2.1; +http://www.google.com/bot.html)"
66.249.70.192 - - [17/Feb/2026:03:47:59 -0500] "GET /apps/store.php/Delhi%20hyper+casino+no+deposit+bonus HTTP/1.1" 500 - "-" "Mozilla/5.0 (Linux; Android 6.0.1; Nexus 5X Build/MMB29P) AppleWebKit/537.36 (KHTML, like Gecko) Chrome/144.0.7559.132 Mobile Safari/537.36 (compatible; Googlebot/2.1; +http://www.google.com/bot.html)"
66.249.70.192 - - [17/Feb/2026:03:48:21 -0500] "GET /apps/store.php/fauji%20game- HTTP/1.1" 500 - "-" "Mozilla/5.0 (compatible; Googlebot/2.1; +http://www.google.com/bot.html)"
66.249.70.192 - - [17/Feb/2026:03:48:40 -0500] "GET /apps/store.php/watch%20live%20match- HTTP/1.1" 500 - "-" "Mozilla/5.0 (Linux; Android 6.0.1; Nexus 5X Build/MMB29P) AppleWebKit/537.36 (KHTML, like Gecko) Chrome/144.0.7559.132 Mobile Safari/537.36 (compatible; Googlebot/2.1; +http://www.google.com/bot.html)"
66.249.70.192 - - [17/Feb/2026:03:49:15 -0500] "GET /apps/store.php/no%20deposit%20casino%20bonus%20codes- HTTP/1.1" 500 - "-" "Mozilla/5.0 (compatible; Googlebot/2.1; +http://www.google.com/bot.html)"
66.249.70.192 - - [17/Feb/2026:03:49:18 -0500] "GET /apps/store.php/google%20games%20online%20play%20free- HTTP/1.1" 500 - "-" "Mozilla/5.0 (Linux; Android 6.0.1; Nexus 5X Build/MMB29P) AppleWebKit/537.36 (KHTML, like Gecko) Chrome/144.0.7559.132 Mobile Safari/537.36 (compatible; Googlebot/2.1; +http://www.google.com/bot.html)"
66.249.70.192 - - [17/Feb/2026:03:49:20 -0500] "GET /apps/store.php/vip%20slots- HTTP/1.1" 500 - "-" "Mozilla/5.0 (Linux; Android 6.0.1; Nexus 5X Build/MMB29P) AppleWebKit/537.36 (KHTML, like Gecko) Chrome/144.0.7559.132 Mobile Safari/537.36 (compatible; Googlebot/2.1; +http://www.google.com/bot.html)"
66.249.70.192 - - [17/Feb/2026:03:49:36 -0500] "GET /apps/store.php/Delhi%20yono%20slots%20app HTTP/1.1" 500 - "-" "Mozilla/5.0 (Linux; Android 6.0.1; Nexus 5X Build/MMB29P) AppleWebKit/537.36 (KHTML, like Gecko) Chrome/144.0.7559.132 Mobile Safari/537.36 (compatible; Googlebot/2.1; +http://www.google.com/bot.html)"
66.249.70.192 - - [17/Feb/2026:03:49:59 -0500] "GET /apps/store.php/play%20slot%20machines%20online- HTTP/1.1" 500 - "-" "Mozilla/5.0 (compatible; Googlebot/2.1; +http://www.google.com/bot.html)"
66.249.70.194 - - [17/Feb/2026:03:50:22 -0500] "GET /apps/store.php/win%20real%20money%20slots%20app- HTTP/1.1" 500 - "-" "Mozilla/5.0 (Linux; Android 6.0.1; Nexus 5X Build/MMB29P) AppleWebKit/537.36 (KHTML, like Gecko) Chrome/144.0.7559.132 Mobile Safari/537.36 (compatible; Googlebot/2.1; +http://www.google.com/bot.html)"
66.249.70.192 - - [17/Feb/2026:03:51:53 -0500] "GET /apps/store.php/golden%20bet%20world%20cup HTTP/1.1" 500 - "-" "Mozilla/5.0 (Linux; Android 6.0.1; Nexus 5X Build/MMB29P) AppleWebKit/537.36 (KHTML, like Gecko) Chrome/144.0.7559.132 Mobile Safari/537.36 (compatible; Googlebot/2.1; +http://www.google.com/bot.html)"
66.249.70.192 - - [17/Feb/2026:03:51:55 -0500] "GET /apps/store.php/island%20survival%20game- HTTP/1.1" 500 - "-" "Mozilla/5.0 (compatible; Googlebot/2.1; +http://www.google.com/bot.html)"
66.249.70.192 - - [17/Feb/2026:03:52:40 -0500] "GET /apps/store.php/country%20club%20casino%20launceston- HTTP/1.1" 500 - "-" "Mozilla/5.0 (Linux; Android 6.0.1; Nexus 5X Build/MMB29P) AppleWebKit/537.36 (KHTML, like Gecko) Chrome/144.0.7559.132 Mobile Safari/537.36 (compatible; Googlebot/2.1; +http://www.google.com/bot.html)"
66.249.70.192 - - [17/Feb/2026:03:52:47 -0500] "GET /apps/store.php/rushcash- HTTP/1.1" 500 - "-" "Mozilla/5.0 (Linux; Android 6.0.1; Nexus 5X Build/MMB29P) AppleWebKit/537.36 (KHTML, like Gecko) Chrome/144.0.7559.132 Mobile Safari/537.36 (compatible; Googlebot/2.1; +http://www.google.com/bot.html)"
66.249.70.194 - - [17/Feb/2026:03:53:20 -0500] "GET /apps/store.php/daman%20game%20telegram%20channel%20link- HTTP/1.1" 500 - "-" "Mozilla/5.0 (Linux; Android 6.0.1; Nexus 5X Build/MMB29P) AppleWebKit/537.36 (KHTML, like Gecko) Chrome/144.0.7559.132 Mobile Safari/537.36 (compatible; Googlebot/2.1; +http://www.google.com/bot.html)"
66.249.70.192 - - [17/Feb/2026:03:53:28 -0500] "GET /apps/store.php/Delhi%20free%20slot%20games%20with%20bonus%20spins HTTP/1.1" 500 - "-" "Mozilla/5.0 (compatible; Googlebot/2.1; +http://www.google.com/bot.html)"
66.249.70.192 - - [17/Feb/2026:03:54:34 -0500] "GET /apps/store.php/jackpot%20machine- HTTP/1.1" 500 - "-" "Mozilla/5.0 (compatible; Googlebot/2.1; +http://www.google.com/bot.html)"
66.249.70.192 - - [17/Feb/2026:03:54:37 -0500] "GET /apps/store.php/mega%20joker%20zdarma- HTTP/1.1" 500 - "-" "Mozilla/5.0 (compatible; Googlebot/2.1; +http://www.google.com/bot.html)"
66.249.70.192 - - [17/Feb/2026:03:54:42 -0500] "GET /apps/store.php/vortex%20game%20online%20earn%20money- HTTP/1.1" 500 - "-" "Mozilla/5.0 (Linux; Android 6.0.1; Nexus 5X Build/MMB29P) AppleWebKit/537.36 (KHTML, like Gecko) Chrome/144.0.7559.132 Mobile Safari/537.36 (compatible; Googlebot/2.1; +http://www.google.com/bot.html)"
66.249.70.192 - - [17/Feb/2026:03:55:16 -0500] "GET /apps/store.php/jackpot%20casino%20free%20vegas%20slot%20machines- HTTP/1.1" 500 - "-" "Mozilla/5.0 (compatible; Googlebot/2.1; +http://www.google.com/bot.html)"
66.249.70.192 - - [17/Feb/2026:03:55:22 -0500] "GET /apps/store.php/casinos%20with%20merkur%20slots- HTTP/1.1" 500 - "-" "Mozilla/5.0 (Linux; Android 6.0.1; Nexus 5X Build/MMB29P) AppleWebKit/537.36 (KHTML, like Gecko) Chrome/144.0.7559.132 Mobile Safari/537.36 (compatible; Googlebot/2.1; +http://www.google.com/bot.html)"
66.249.70.192 - - [17/Feb/2026:03:56:11 -0500] "GET /apps/store.php/jackpot%20party%20slot%20machine- HTTP/1.1" 500 - "-" "Mozilla/5.0 (Linux; Android 6.0.1; Nexus 5X Build/MMB29P) AppleWebKit/537.36 (KHTML, like Gecko) Chrome/144.0.7559.132 Mobile Safari/537.36 (compatible; Googlebot/2.1; +http://www.google.com/bot.html)"
66.249.70.192 - - [17/Feb/2026:03:56:23 -0500] "GET /apps/store.php/sridevi%20day%20chart%20satta%20matka- HTTP/1.1" 500 - "http://wvyrmgzafmxnsbdzjutozixjpfgsh.charlie-charlie-game.com/" "Mozilla/5.0 (Linux; Android 6.0.1; Nexus 5X Build/MMB29P) AppleWebKit/537.36 (KHTML, like Gecko) Chrome/144.0.7559.132 Mobile Safari/537.36 (compatible; Googlebot/2.1; +http://www.google.com/bot.html)"
66.249.70.192 - - [17/Feb/2026:03:56:24 -0500] "GET /apps/store.php/sridevi%20day%20chart%20satta%20matka- HTTP/1.1" 500 - "http://wvyrmgzafmxnsbdzjutozixjpfgsh.charlie-charlie-game.com/" "Mozilla/5.0 (Linux; Android 6.0.1; Nexus 5X Build/MMB29P) AppleWebKit/537.36 (KHTML, like Gecko) Chrome/144.0.7559.132 Mobile Safari/537.36 (compatible; Googlebot/2.1; +http://www.google.com/bot.html)"
66.249.70.192 - - [17/Feb/2026:03:56:24 -0500] "GET /apps/store.php/sridevi%20day%20chart%20satta%20matka- HTTP/1.1" 500 - "http://wvyrmgzafmxnsbdzjutozixjpfgsh.charlie-charlie-game.com/" "Mozilla/5.0 (Linux; Android 6.0.1; Nexus 5X Build/MMB29P) AppleWebKit/537.36 (KHTML, like Gecko) Chrome/144.0.7559.132 Mobile Safari/537.36 (compatible; Googlebot/2.1; +http://www.google.com/bot.html)"
66.249.70.192 - - [17/Feb/2026:03:57:08 -0500] "GET /apps/store.php/slot%20machine%20template%20unity%20free%20download- HTTP/1.1" 500 - "-" "Mozilla/5.0 (compatible; Googlebot/2.1; +http://www.google.com/bot.html)"
66.249.70.192 - - [17/Feb/2026:03:57:08 -0500] "GET /apps/store.php/trusted%20money%20earning%20games- HTTP/1.1" 500 - "-" "Mozilla/5.0 (compatible; Googlebot/2.1; +http://www.google.com/bot.html)"
66.249.70.192 - - [17/Feb/2026:03:57:56 -0500] "GET /apps/store.php/Flower%20Fortunes- HTTP/1.1" 500 - "-" "Mozilla/5.0 (Linux; Android 6.0.1; Nexus 5X Build/MMB29P) AppleWebKit/537.36 (KHTML, like Gecko) Chrome/144.0.7559.132 Mobile Safari/537.36 (compatible; Googlebot/2.1; +http://www.google.com/bot.html)"
66.249.70.192 - - [17/Feb/2026:03:59:15 -0500] "GET /apps/store.php/dragon%20link%20free%20slots- HTTP/1.1" 500 - "-" "Mozilla/5.0 (compatible; Googlebot/2.1; +http://www.google.com/bot.html)"
66.249.70.192 - - [17/Feb/2026:03:59:25 -0500] "GET /apps/store.php/m%20matka- HTTP/1.1" 500 - "-" "Mozilla/5.0 (Linux; Android 6.0.1; Nexus 5X Build/MMB29P) AppleWebKit/537.36 (KHTML, like Gecko) Chrome/144.0.7559.132 Mobile Safari/537.36 (compatible; Googlebot/2.1; +http://www.google.com/bot.html)"
66.249.70.192 - - [17/Feb/2026:03:59:32 -0500] "GET /apps/store.php/super%20ace%20921- HTTP/1.1" 500 - "-" "Mozilla/5.0 (Linux; Android 6.0.1; Nexus 5X Build/MMB29P) AppleWebKit/537.36 (KHTML, like Gecko) Chrome/144.0.7559.132 Mobile Safari/537.36 (compatible; Googlebot/2.1; +http://www.google.com/bot.html)"
66.249.70.192 - - [17/Feb/2026:03:59:36 -0500] "GET /apps/store.php/chances%20of%20india%20winning%20today- HTTP/1.1" 500 - "-" "Mozilla/5.0 (compatible; Googlebot/2.1; +http://www.google.com/bot.html)"
66.249.70.192 - - [17/Feb/2026:03:59:38 -0500] "GET /apps/store.php/Chicken%20Royal- HTTP/1.1" 500 - "-" "Mozilla/5.0 (Linux; Android 6.0.1; Nexus 5X Build/MMB29P) AppleWebKit/537.36 (KHTML, like Gecko) Chrome/144.0.7559.132 Mobile Safari/537.36 (compatible; Googlebot/2.1; +http://www.google.com/bot.html)"
66.249.70.192 - - [17/Feb/2026:04:00:33 -0500] "GET /apps/store.php/asian%20betting%20websites- HTTP/1.1" 500 - "-" "Mozilla/5.0 (compatible; Googlebot/2.1; +http://www.google.com/bot.html)"
66.249.70.193 - - [17/Feb/2026:04:02:12 -0500] "GET /apps/store.php/Kronos- HTTP/1.1" 500 - "-" "Mozilla/5.0 (compatible; Googlebot/2.1; +http://www.google.com/bot.html)"
66.249.70.192 - - [17/Feb/2026:04:02:26 -0500] "GET /apps/store.php/free%20slot%20machines%20no%20download%20no%20registration- HTTP/1.1" 500 - "-" "Mozilla/5.0 (compatible; Googlebot/2.1; +http://www.google.com/bot.html)"
66.249.70.193 - - [17/Feb/2026:04:03:18 -0500] "GET /apps/store.php/pak%20vs%20sa%20live%20stream- HTTP/1.1" 500 - "-" "Mozilla/5.0 (Linux; Android 6.0.1; Nexus 5X Build/MMB29P) AppleWebKit/537.36 (KHTML, like Gecko) Chrome/144.0.7559.132 Mobile Safari/537.36 (compatible; Googlebot/2.1; +http://www.google.com/bot.html)"
66.249.70.192 - - [17/Feb/2026:04:03:20 -0500] "GET /apps/store.php/Chicken%20Road%20Gold- HTTP/1.1" 500 - "-" "Mozilla/5.0 (Linux; Android 6.0.1; Nexus 5X Build/MMB29P) AppleWebKit/537.36 (KHTML, like Gecko) Chrome/144.0.7559.132 Mobile Safari/537.36 (compatible; Googlebot/2.1; +http://www.google.com/bot.html)"
66.249.70.193 - - [17/Feb/2026:04:03:29 -0500] "GET /apps/store.php/doubledown%20casino%20vegas%20slots- HTTP/1.1" 500 - "-" "Mozilla/5.0 (Linux; Android 6.0.1; Nexus 5X Build/MMB29P) AppleWebKit/537.36 (KHTML, like Gecko) Chrome/144.0.7559.132 Mobile Safari/537.36 (compatible; Googlebot/2.1; +http://www.google.com/bot.html)"
66.249.70.192 - - [17/Feb/2026:04:04:34 -0500] "GET /apps/store.php/pokecom- HTTP/1.1" 500 - "-" "Mozilla/5.0 (compatible; Googlebot/2.1; +http://www.google.com/bot.html)"
66.249.70.193 - - [17/Feb/2026:04:05:32 -0500] "GET /apps/store.php/tennis%20online%20scores- HTTP/1.1" 500 - "-" "Mozilla/5.0 (compatible; Googlebot/2.1; +http://www.google.com/bot.html)"
66.249.70.193 - - [17/Feb/2026:04:06:18 -0500] "GET /apps/store.php/Flirting%20Scholar%20Tang- HTTP/1.1" 500 - "-" "Mozilla/5.0 (compatible; Googlebot/2.1; +http://www.google.com/bot.html)"
66.249.70.193 - - [17/Feb/2026:04:07:01 -0500] "GET /apps/store.php/World%20Cup- HTTP/1.1" 500 - "-" "Mozilla/5.0 (Linux; Android 6.0.1; Nexus 5X Build/MMB29P) AppleWebKit/537.36 (KHTML, like Gecko) Chrome/144.0.7559.132 Mobile Safari/537.36 (compatible; Googlebot/2.1; +http://www.google.com/bot.html)"
66.249.70.192 - - [17/Feb/2026:04:07:55 -0500] "GET /apps/store.php/house%20of%20fun%20slots%20casino- HTTP/1.1" 500 - "-" "Mozilla/5.0 (compatible; Googlebot/2.1; +http://www.google.com/bot.html)"
66.249.70.194 - - [17/Feb/2026:04:08:22 -0500] "GET /apps/store.php/live%20cricket%20highlights- HTTP/1.1" 500 - "-" "Mozilla/5.0 (Linux; Android 6.0.1; Nexus 5X Build/MMB29P) AppleWebKit/537.36 (KHTML, like Gecko) Chrome/144.0.7559.132 Mobile Safari/537.36 (compatible; Googlebot/2.1; +http://www.google.com/bot.html)"
66.249.70.192 - - [17/Feb/2026:04:08:28 -0500] "GET /apps/store.php/SpribeSpHilo- HTTP/1.1" 500 - "-" "Mozilla/5.0 (Linux; Android 6.0.1; Nexus 5X Build/MMB29P) AppleWebKit/537.36 (KHTML, like Gecko) Chrome/144.0.7559.132 Mobile Safari/537.36 (compatible; Googlebot/2.1; +http://www.google.com/bot.html)"
66.249.70.192 - - [17/Feb/2026:04:09:32 -0500] "GET /apps/store.php/top%2010%20indian%20games- HTTP/1.1" 500 - "-" "Mozilla/5.0 (Linux; Android 6.0.1; Nexus 5X Build/MMB29P) AppleWebKit/537.36 (KHTML, like Gecko) Chrome/144.0.7559.132 Mobile Safari/537.36 (compatible; Googlebot/2.1; +http://www.google.com/bot.html)"
66.249.70.192 - - [17/Feb/2026:04:09:57 -0500] "GET /apps/store.php/Poker%20Sites%20That%20Accept%20Paypal- HTTP/1.1" 500 - "-" "Mozilla/5.0 (compatible; Googlebot/2.1; +http://www.google.com/bot.html)"
66.249.70.192 - - [17/Feb/2026:04:10:00 -0500] "GET /apps/store.php/juaa%20game- HTTP/1.1" 500 - "-" "Mozilla/5.0 (Linux; Android 6.0.1; Nexus 5X Build/MMB29P) AppleWebKit/537.36 (KHTML, like Gecko) Chrome/144.0.7559.132 Mobile Safari/537.36 (compatible; Googlebot/2.1; +http://www.google.com/bot.html)"
157.35.80.23 - - [17/Feb/2026:04:10:02 -0500] "GET /apps/store.php/kalyan%20matka%20chart%20open HTTP/1.1" 302 - "http://www.google.com/" "Mozilla/5.0 (Linux; Android 11; 220233L2I) AppleWebKit/537.36 (KHTML, like Gecko) Chrome/97.0.4692.98 Mobile Safari/537.36"
66.249.70.192 - - [17/Feb/2026:04:10:04 -0500] "GET /apps/store.php/cricket%20betting- HTTP/1.1" 500 - "-" "Mozilla/5.0 (Linux; Android 6.0.1; Nexus 5X Build/MMB29P) AppleWebKit/537.36 (KHTML, like Gecko) Chrome/144.0.7559.132 Mobile Safari/537.36 (compatible; Googlebot/2.1; +http://www.google.com/bot.html)"
157.35.80.23 - - [17/Feb/2026:04:10:14 -0500] "GET /apps/store.php/kalyan%20matka%20chart%20open HTTP/1.1" 302 - "http://www.google.com/" "Mozilla/5.0 (Linux; Android 11; 220233L2I) AppleWebKit/537.36 (KHTML, like Gecko) Chrome/97.0.4692.98 Mobile Safari/537.36"
66.249.70.192 - - [17/Feb/2026:04:10:16 -0500] "GET /apps/store.php/virat%20kohli%20best%20innings%20in%20test- HTTP/1.1" 500 - "-" "Mozilla/5.0 (Linux; Android 6.0.1; Nexus 5X Build/MMB29P) AppleWebKit/537.36 (KHTML, like Gecko) Chrome/144.0.7559.132 Mobile Safari/537.36 (compatible; Googlebot/2.1; +http://www.google.com/bot.html)"
66.249.70.192 - - [17/Feb/2026:04:10:48 -0500] "GET /apps/store.php/best%20slot%20games%20to%20win%20money- HTTP/1.1" 500 - "-" "Mozilla/5.0 (compatible; Googlebot/2.1; +http://www.google.com/bot.html)"
66.249.70.192 - - [17/Feb/2026:04:10:59 -0500] "GET /apps/store.php/john%20deere%20tractor%20game- HTTP/1.1" 500 - "-" "Mozilla/5.0 (compatible; Googlebot/2.1; +http://www.google.com/bot.html)"
66.249.70.192 - - [17/Feb/2026:04:11:09 -0500] "GET /apps/store.php/Jungle%20Delight HTTP/1.1" 500 - "-" "Mozilla/5.0 (Linux; Android 6.0.1; Nexus 5X Build/MMB29P) AppleWebKit/537.36 (KHTML, like Gecko) Chrome/144.0.7559.132 Mobile Safari/537.36 (compatible; Googlebot/2.1; +http://www.google.com/bot.html)"
66.249.70.192 - - [17/Feb/2026:04:11:28 -0500] "OPTIONS /apps/store.php/big%20break%20slot%20online- HTTP/1.1" 500 - "http://441857583857475272171257839.fifa-world-cup-asian-qualifiers-games.com/" "Mozilla/5.0 (Linux; Android 6.0.1; Nexus 5X Build/MMB29P) AppleWebKit/537.36 (KHTML, like Gecko) Chrome/144.0.7559.132 Mobile Safari/537.36 (compatible; Googlebot/2.1; +http://www.google.com/bot.html)"
